User Tools

Site Tools


weather:noaa:noaa-2022-03
                 MONTHLY CLIMATOLOGICAL SUMMARY for Mar 2022

NAME: Auchtermuchty TEST, Fife, Scotland ELEV: 48 meters LAT: 56-18.00 N LONG: 003-13.89 W

                 TEMPERATURE (C), RAIN (mm), WIND SPEED (knots)
                                       HEAT   COOL         AVG
    MEAN                               DEG    DEG          WIND                   DOM

DAY TEMP HIGH TIME LOW TIME DAYS DAYS RAIN SPEED HIGH TIME DIR


01 4.4 12.1 15:03 0.1 23:59 25.0 0.0 0.0 0.3 8.9 14:03 37 02 2.9 6.1 11:10 -3.6 03:45 27.8 0.0 4.1 0.8 8.9 18:48 14 03 5.9 8.6 15:37 4.8 03:56 22.4 0.0 8.9 0.2 5.1 02:04 95 04 4.9 9.5 15:27 0.6 23:35 24.2 0.0 5.8 0.1 6.0 14:28 8 05 4.5 10.2 13:51 -0.4 06:16 24.9 0.0 0.0 0.4 8.0 09:47 2 06 2.5 10.6 14:07 -3.4 07:19 28.6 0.0 0.3 0.1 2.9 10:42 326 07 2.5 9.9 13:33 -3.3 07:36 28.5 0.0 0.2 0.2 6.0 23:49 17 08 5.4 9.3 15:28 1.1 00:54 23.3 0.0 0.3 1.4 9.9 12:51 298 09 8.5 11.2 15:41 4.9 02:32 17.8 0.0 0.0 1.4 12.8 11:06 239 10 9.3 11.9 10:11 6.0 22:30 16.3 0.0 0.2 0.4 8.0 14:48 260 11 7.8 11.3 12:42 6.2 03:30 18.9 0.0 11.5 0.6 8.0 16:43 359 12 7.6 11.4 15:42 5.2 22:17 19.3 0.0 2.3 0.8 10.9 12:10 216 13 8.4 12.6 15:47 6.3 06:07 17.9 0.0 0.5 1.0 9.9 19:05 193 14 7.4 12.6 13:10 3.6 23:51 19.6 0.0 0.5 0.9 10.9 12:34 246 15 6.0 9.5 15:15 0.1 04:06 22.1 0.0 0.0 0.7 8.9 13:09 250 16 6.5 8.9 13:41 1.5 23:18 21.4 0.0 1.5 0.1 3.9 04:51 341 17 4.8 11.2 13:36 0.3 03:27 24.3 0.0 0.0 1.1 12.8 14:14 75 18 6.0 13.8 14:24 -0.7 04:08 22.2 0.0 0.0 0.4 8.0 13:20 337 19 5.6 14.4 12:59 -2.2 06:45 23.0 0.0 0.0 0.5 7.0 23:17 1 20 5.3 11.4 12:31 0.3 22:55 23.4 0.0 0.0 0.6 8.0 15:13 356 21 5.0 12.6 14:49 0.0 04:06 24.0 0.0 0.0 0.2 3.9 17:19 349 22 6.5 17.3 14:03 -1.0 06:40 21.4 0.0 0.0 0.2 3.9 11:26 353 23 8.0 20.2 14:36 0.0 04:36 18.6 0.0 0.0 0.1 3.9 15:10 355 24 9.2 18.4 14:08 0.8 04:15 16.5 0.0 0.0 0.2 5.1 12:29 17 25 9.4 18.5 14:15 1.0 06:34 16.1 0.0 0.0 0.3 6.0 14:05 20 26 8.8 19.0 13:40 0.5 06:40 17.1 0.0 0.0 0.2 5.1 13:31 352 27 10.3 19.4 15:29 4.0 06:49 14.4 0.0 0.0 0.3 7.0 14:01 358 28 8.0 17.2 14:50 -0.5 06:39 18.7 0.0 0.0 0.2 5.1 14:42 356 29 4.9 10.5 14:51 1.1 05:48 24.2 0.0 2.3 0.4 8.0 18:48 354 30 3.2 8.4 14:21 0.1 23:05 27.3 0.0 0.2 0.9 8.9 14:35 1 31 2.9 8.8 14:45 -2.9 06:33 27.8 0.0 0.0 0.9 10.9 13:08 2


     6.2   20.2     23   -3.6     02  676.9    0.0   38.6    0.5   12.8     09    344
  
weather/noaa/noaa-2022-03.txt · Last modified: 2022/07/01 16:16 (external edit)