User Tools

Site Tools


weather:noaa:noaa-2022-05
                 MONTHLY CLIMATOLOGICAL SUMMARY for May 2022

NAME: Auchtermuchty TEST, Fife, Scotland ELEV: 48 meters LAT: 56-18.00 N LONG: 003-13.89 W

                 TEMPERATURE (C), RAIN (mm), WIND SPEED (knots)
                                       HEAT   COOL         AVG
    MEAN                               DEG    DEG          WIND                   DOM

DAY TEMP HIGH TIME LOW TIME DAYS DAYS RAIN SPEED HIGH TIME DIR


01 12.6 17.3 13:17 9.5 00:00 10.2 0.0 0.0 0.3 3.9 12:18 342 02 9.6 12.1 00:00 6.8 23:31 15.7 0.0 2.8 0.4 6.0 03:59 353 03 8.8 14.5 16:35 5.6 05:20 17.2 0.0 1.0 0.1 2.9 10:36 332 04 12.9 19.4 14:34 7.5 23:48 9.8 0.0 0.3 0.7 8.0 15:21 39 05 11.8 17.8 16:44 5.8 01:11 11.8 0.0 0.8 1.1 8.9 13:15 55 06 13.6 18.7 15:12 8.6 23:55 8.5 0.0 0.5 1.1 8.9 07:06 54 07 10.4 14.5 15:00 7.2 23:58 14.4 0.0 0.2 0.3 3.9 10:15 321 08 12.9 20.3 14:58 6.9 00:25 9.8 0.0 0.0 0.4 7.0 15:49 304 09 12.1 13.9 11:34 8.8 02:06 11.2 0.0 6.1 1.5 11.9 20:28 251 10 11.4 15.7 15:44 7.6 02:51 12.4 0.0 1.8 1.7 10.9 11:36 64 11 11.6 16.7 13:33 7.1 22:47 12.2 0.0 3.8 1.8 13.8 12:28 62 12 10.4 15.4 11:51 6.1 05:15 14.3 0.0 0.3 1.3 10.9 14:39 39 13 11.3 15.7 15:09 8.7 03:45 12.7 0.0 0.2 1.6 10.9 13:18 53 14 13.5 19.7 16:19 8.8 23:56 8.7 0.0 0.0 0.8 9.9 11:39 38 15 11.6 18.2 17:21 4.4 05:16 12.2 0.0 0.0 0.7 8.9 18:19 344 16 9.8 10.5 00:21 9.3 08:39 15.4 0.0 17.8 0.9 7.0 01:23 352 17 13.3 19.4 17:30 8.6 05:04 9.0 0.0 3.8 0.5 7.0 23:32 329 18 14.4 20.2 16:45 9.9 04:57 7.0 0.0 3.3 1.8 13.8 06:51 234 19 14.3 19.9 16:33 9.7 04:55 7.2 0.0 1.5 1.2 8.9 14:28 15 20 12.7 18.9 13:57 7.7 04:29 10.2 0.0 1.8 0.9 8.0 08:47 339 21 12.3 15.4 17:06 8.2 05:00 10.8 0.0 0.0 0.9 8.0 11:24 38 22 14.0 19.0 15:42 10.0 23:57 7.8 0.0 1.3 1.2 8.0 08:00 282 23 13.1 19.4 16:33 7.0 03:23 9.4 0.0 0.0 0.8 9.9 13:49 29 24 12.5 18.9 14:14 7.8 03:58 10.6 0.0 0.0 0.6 7.0 12:48 9 25 12.2 18.0 14:21 8.0 23:35 11.1 0.0 0.2 1.6 11.9 16:07 60 26 11.4 17.2 12:25 6.7 03:59 12.4 0.0 0.0 1.8 12.8 15:23 63 27 12.3 18.6 16:06 7.2 00:00 10.8 0.0 0.0 1.7 15.0 14:19 57 28 11.8 18.1 16:19 6.2 04:40 11.7 0.0 0.0 0.6 8.9 22:15 354 29 10.0 15.6 13:46 4.1 04:24 15.0 0.0 0.0 0.5 8.9 13:19 5 30 9.9 18.1 14:22 5.7 23:17 15.1 0.0 5.4 0.2 5.1 15:08 339 31 9.6 15.2 15:21 4.4 05:22 15.7 0.0 1.5 0.3 7.0 16:22 347


    11.9   20.3     08    4.1     29  360.2    0.0   54.4    1.0   15.0     27     28
  
weather/noaa/noaa-2022-05.txt · Last modified: 2022/07/01 16:16 (external edit)