User Tools

Site Tools


weather:noaa:noaa-2020-04
                   MONTHLY CLIMATOLOGICAL SUMMARY for Apr 2020


NAME: Scottish Gliding Centre                  
ELEV: 358 feet    LAT: 56-11.34 N    LONG: 003-19.30 W


                   TEMPERATURE (C), RAIN (mm), WIND SPEED (knots)

                                         HEAT   COOL         AVG
      MEAN                               DEG    DEG          WIND                   DOM
DAY   TEMP   HIGH   TIME    LOW   TIME   DAYS   DAYS   RAIN  SPEED   HIGH   TIME    DIR
---------------------------------------------------------------------------------------
 01    7.8   11.1  16:25    5.4  07:29   10.5    0.0    0.0   10.0   27.0  17:11    262
 02    7.3   10.1  13:19    2.8  23:44   11.0    0.0    0.0   15.5   44.9  11:32    295
 03    4.8    7.7  16:11   -0.3  05:20   13.6    0.0    0.0    6.1   19.2  13:20    266
 04    8.1   10.9  15:58    5.7  06:33   10.2    0.0    0.0    6.4   23.7  16:22    217
 05   11.4   18.0  16:34    3.0  04:53    6.9    0.0    0.0    6.0   17.9  15:30    127
 06   11.0   15.1  00:00    7.2  22:48    7.3    0.0    0.0   13.7   34.4  15:12    232
 07    9.1   14.5  16:23    2.5  04:41    9.3    0.0    0.0    6.6   23.7  14:25    221
 08   10.2   15.5  15:01    5.8  23:25    8.2    0.0    0.3    8.0   23.7  12:39    256
 09    7.3    9.3  15:36    5.6  03:14   11.0    0.0    0.0    6.1   16.5  15:42     89
 10   11.0   17.5  14:41    5.5  02:59    7.3    0.0    0.0    2.4    8.0  17:35    157
 11   12.6   15.4  17:15    9.2  00:00    5.7    0.0    0.0   10.9   24.5  11:12    260
 12    8.8   13.9  16:04    4.5  23:21    9.5    0.0    0.3    6.9   25.9  17:34     21
 13    5.3   10.0  14:16    1.2  23:18   13.0    0.0    0.3    5.7   20.4  00:42     55
 14    6.3   12.0  13:59   -1.4  03:41   12.0    0.0    0.0    7.6   24.5  14:29    260
 15    9.9   16.2  15:36    3.2  05:54    8.4    0.0    0.0    8.8   21.2  10:43    263
 16    7.8    9.9  13:43    4.2  02:37   10.6    0.0    0.0    4.9   17.1  11:32     98
 17    7.2    9.6  13:34    4.3  22:26   11.1    0.0    0.0    7.4   19.8  13:14     89
 18    6.6   10.7  16:27    3.5  21:46   11.7    0.0    0.0    6.8   17.9  13:14    101
 19    8.2   12.8  14:15    3.9  02:05   10.2    0.0    0.0    6.7   21.8  15:44     90
 20    8.7   13.2  11:47    3.9  06:01    9.6    0.0    0.0    7.7   23.1  15:22     92
 21    9.3   13.8  13:00    5.0  03:41    9.0    0.0    0.0    9.8   25.1  15:01     86
 22   10.1   15.2  13:35    5.6  23:48    8.3    0.0    0.0    8.4   19.2  12:28     78
 23   10.7   16.5  14:21    3.1  02:38    7.7    0.0    0.0    3.8   13.2  16:38    118
 24    9.0   16.6  13:53    0.9  05:57    9.4    0.0    0.0    4.1   15.2  17:36    114
 25    9.5   15.3  14:34    6.2  05:55    8.8    0.0    0.0    3.5   10.5  17:50    111
 26   10.9   14.3  16:03    4.9  23:41    7.4    0.0    0.0    8.0   19.8  15:59    297
 27    7.4   14.5  12:44    2.0  05:04   10.9    0.0    0.3    4.4   17.1  14:33     21
 28    7.7   11.2  16:20    3.6  02:48   10.7    0.0    0.0    4.0   14.6  14:25    118
 29    7.2   10.5  13:05    4.8  04:04   11.2    0.0    9.0    5.0   19.8  20:39    108
 30    9.5   12.9  15:01    5.3  23:08    8.8    0.0    0.0    5.9   18.5  17:14     93
---------------------------------------------------------------------------------------
       8.6   18.0     05   -1.4     14  289.2    0.0   10.2    7.1   44.9     02    163
    
weather/noaa/noaa-2020-04.txt · Last modified: 2021/02/15 14:20 (external edit)