User Tools

Site Tools


weather:noaa:noaa-2022-01
                 MONTHLY CLIMATOLOGICAL SUMMARY for Jan 2022

NAME: Auchtermuchty TEST, Fife, Scotland ELEV: 48 meters LAT: 56-18.00 N LONG: 003-13.89 W

                 TEMPERATURE (C), RAIN (mm), WIND SPEED (knots)
                                       HEAT   COOL         AVG
    MEAN                               DEG    DEG          WIND                   DOM

DAY TEMP HIGH TIME LOW TIME DAYS DAYS RAIN SPEED HIGH TIME DIR


01 11.2 13.5 10:34 8.1 23:52 12.9 0.0 8.8 2.1 13.8 10:14 209 02 7.8 9.9 13:00 4.6 03:45 19.0 0.0 4.4 1.6 11.9 20:30 111 03 4.2 7.6 03:23 -1.4 23:54 25.4 0.0 2.5 0.9 8.9 06:02 93 04 1.7 3.8 23:24 -1.6 00:03 29.9 0.0 0.0 1.4 11.9 15:20 55 05 2.7 5.7 13:16 -0.8 17:48 28.2 0.0 0.0 0.8 10.9 09:06 19 06 2.3 5.5 17:58 -1.6 01:34 28.8 0.0 6.1 1.0 9.9 17:15 187 07 1.1 3.3 13:18 -0.3 20:55 31.1 0.0 0.2 1.0 8.9 05:01 91 08 2.5 5.0 13:52 0.6 00:00 28.5 0.0 7.4 0.5 6.0 15:56 80 09 2.5 5.1 14:04 -0.7 23:42 28.6 0.0 0.3 0.4 6.0 04:04 69 10 4.3 9.0 16:51 -0.5 00:17 25.2 0.0 0.5 0.3 6.0 18:12 87 11 4.8 7.0 14:47 0.8 07:45 24.4 0.0 0.3 0.6 5.1 22:46 67 12 8.1 9.1 11:55 6.6 00:00 18.5 0.0 0.0 1.6 9.9 05:50 93 13 7.3 9.9 12:55 6.3 18:31 19.8 0.0 0.0 1.3 8.0 04:08 91 14 6.8 9.5 12:49 4.3 23:47 20.7 0.0 0.0 0.7 6.0 00:12 84 15 4.7 5.5 15:01 3.8 07:28 24.5 0.0 0.0 0.2 2.9 02:30 73 16 5.6 7.9 22:40 3.9 08:22 22.9 0.0 0.0 0.8 7.0 21:33 74 17 5.8 9.2 12:58 3.4 22:48 22.5 0.0 0.0 1.0 7.0 10:23 77 18 5.5 8.6 23:31 1.9 04:52 23.0 0.0 1.1 1.0 8.9 18:28 83 19 6.7 9.0 13:01 3.2 23:18 20.9 0.0 1.5 1.4 9.9 14:36 63 20 3.4 7.6 12:51 0.7 21:31 26.9 0.0 0.0 0.3 6.0 01:20 19 21 4.3 9.2 14:22 1.2 02:46 25.2 0.0 0.0 0.9 6.0 09:05 60 22 7.1 10.2 13:39 4.3 00:29 20.2 0.0 0.0 1.0 8.0 16:57 79 23 6.6 8.3 13:38 5.1 23:24 21.1 0.0 0.0 1.0 7.0 08:05 81 24 6.6 8.7 12:22 4.2 23:57 21.2 0.0 0.0 1.0 8.0 01:18 76 25 5.4 7.2 14:08 3.6 00:21 23.3 0.0 0.0 0.7 7.0 16:33 80 26 7.5 10.7 21:50 5.9 06:42 19.5 0.0 0.2 2.0 10.9 13:47 93 27 7.0 9.9 12:56 4.1 21:10 20.5 0.0 0.0 0.8 8.9 00:34 68 28 6.7 10.2 22:30 3.9 07:48 21.0 0.0 0.0 1.1 11.9 16:05 88 29 8.2 11.3 07:55 2.8 21:26 18.3 0.0 0.3 2.8 18.9 07:37 78 30 4.3 6.4 23:04 0.5 05:15 25.3 0.0 4.6 1.6 17.9 22:41 58 31 4.9 7.0 13:53 2.7 05:42 24.3 0.0 0.0 1.5 15.9 02:41 40


     5.4   13.5     01   -1.6     04  721.8    0.0   38.2    1.1   18.9     29     79
  
weather/noaa/noaa-2022-01.txt · Last modified: 2022/07/01 16:16 (external edit)