User Tools

Site Tools


weather:noaa:noaa-2022
                     CLIMATOLOGICAL SUMMARY for year 2022


NAME: Scottish Gliding Centre                  
ELEV: 358 feet    LAT: 56-11.34 N    LONG: 003-19.30 W


                                       TEMPERATURE (C)

                              HEAT    COOL                              MAX    MAX    MIN    MIN
          MEAN   MEAN         DEG     DEG                                >=     <=     <=     <=
 YR  MO   MAX    MIN    MEAN  DAYS    DAYS      HI  DAY     LOW  DAY     30      0      0    -20
------------------------------------------------------------------------------------------------
2022 01    9.0    3.7    6.5  367.4    0.0    14.6   01    -0.7   06      0      0      5      0
2022 02    9.1    3.1    6.1  342.0    0.0    12.6   27    -2.9   11      0      0      1      0
2022 03   13.1    2.6    7.4  338.4    0.0    21.4   23    -1.3   07      0      0      4      0
2022 04   13.7    4.5    8.8  284.6    0.0    19.4   29    -1.1   10      0      0      3      0
2022 05   16.5    8.7   12.3  187.4    0.0    20.0   08     4.9   29      0      0      0      0
2022 06   19.2   10.1   14.5  114.1    0.0    24.1   23     4.9   05      0      0      0      0
2022 07   19.0   12.0   15.0   10.1    0.0    20.2   01    11.5   02      0      0      0      0
2022 08
2022 09
2022 10
2022 11
2022 12
------------------------------------------------------------------------------------------------
          13.6    5.6    9.4 1643.9    0.0    24.1  Jun    -2.9  Feb      0      0     13      0


                  PRECIPITATION (mm)

                  MAX         ---DAYS OF RAIN---
                  OBS.               OVER
 YR  MO  TOTAL    DAY  DATE   0.30   3.00  30.00
------------------------------------------------
2022 01   27.3    6.3    08     13      4      0
2022 02  115.2   15.3    20     21     13      0
2022 03   20.1    6.3    11     10      3      0
2022 04   24.6    6.9    05     13      4      0
2022 05   39.6    9.9    16     22      5      0
2022 06   38.7    8.4    28     15      5      0
2022 07    1.8    1.8    02      1      0      0
2022 08
2022 09
2022 10
2022 11
2022 12
------------------------------------------------
         267.3   15.3   Feb     95     34      0


           WIND SPEED (knots)

                                DOM
 YR  MO    AVG     HI   DATE    DIR
-----------------------------------
2022 01    9.1   53.5     29    258 
2022 02   11.8   49.6     01    250 
2022 03    5.3   33.0     09    148 
2022 04    6.5   31.1     05     38 
2022 05    7.7   36.3     11    242 
2022 06    6.7   38.3     10    229 
2022 07    8.0   27.0     03    255 
2022 08
2022 09
2022 10
2022 11
2022 12
-----------------------------------
           7.8   53.5    Jan    247
weather/noaa/noaa-2022.txt · Last modified: 2022/07/03 21:16 (external edit)