User Tools

Site Tools


weather:noaa:noaa-2021-11
                   MONTHLY CLIMATOLOGICAL SUMMARY for Nov 2021


NAME: Scottish Gliding Centre                  
ELEV: 358 feet    LAT: 56-11.34 N    LONG: 003-19.30 W


                   TEMPERATURE (C), RAIN (mm), WIND SPEED (knots)

                                         HEAT   COOL         AVG
      MEAN                               DEG    DEG          WIND                   DOM
DAY   TEMP   HIGH   TIME    LOW   TIME   DAYS   DAYS   RAIN  SPEED   HIGH   TIME    DIR
---------------------------------------------------------------------------------------
 01    2.7    7.6  10:05   -2.0  19:36   15.6    0.0    0.0    8.9   21.8  12:53    289
 02   -1.4    6.1  15:47   -2.0  13:36   19.8    0.0    0.0    4.6   14.6  00:28    324
 03    2.5    7.9  12:20  -29.7  22:15   15.8    0.0    0.3    6.9   17.9  11:20    285
 04    2.5    7.9  09:14  -37.1  08:12   15.8    0.0    0.0    5.6   19.8  11:10    273
 05    6.5    7.9  05:49  -34.8  02:33   11.8    0.0    0.0    6.0   21.8  21:55    294
 06    6.4    7.9  12:16   -1.7  07:16   12.0    0.0    3.6   17.0   43.5  15:48    272
 07    5.2    7.9  10:33   -1.7  00:17   13.2    0.0    0.0   10.7   28.4  06:33    297
 08    5.1   24.5  20:02  -37.1  01:29   13.3    0.0    1.8    6.5   31.7  20:58    249
 09    5.5   23.3  00:01   -1.7  03:04   12.8    0.0    1.2    9.3   26.4  23:58    269
 10   -0.2    6.4  00:00  -20.5  08:42   18.5    0.0    0.0    5.8   23.7  00:03    285
 11    1.3    6.4  10:50   -1.7  00:01   17.0    0.0    2.1    5.3   17.1  03:50    246
 12    1.4    7.9  20:18   -2.0  18:28   16.9    0.0   10.5    6.8   24.5  14:00    235
 13    8.2   14.7  00:57   -8.1  18:35   10.2    0.0    0.0    2.5   11.9  01:13    322
 14    4.5   14.7  06:53   -7.6  23:42   13.9    0.0    0.0    1.0   11.9  21:27    216
 15    5.8   13.3  02:20   -7.5  00:09   12.6    0.0    0.6    3.7   11.9  13:21    326
 16   13.9   14.7  01:05   -1.7  00:01    4.4    0.0    0.6   11.0   31.7  16:29    261
 17   12.2   14.7  00:01   -2.5  06:04    6.1    0.0    0.0   11.0   27.8  23:56    275
 18   14.5   14.7  00:01   14.4  00:04    3.8    0.0    0.0   16.2   33.0  04:38    282
 19   14.5   14.7  00:05   14.4  00:00    3.8    0.0    0.0   15.6   34.4  05:20    280
 20   13.5   14.7  00:07   -1.7  21:38    4.8    0.0    0.6   10.7   33.0  02:38    280
 21    2.0   14.7  11:31   -1.7  00:01   16.3    0.0    0.0    7.3   19.8  12:14    319
 22   -1.7   -1.6  00:03   -2.0  10:24   20.0    0.0    0.0    3.7   11.3  12:10    333
 23    7.4   14.7  10:53   -1.7  00:00   10.9    0.0    0.0    5.8   17.1  12:27    316
 24    9.0   14.8  02:03   -2.0  21:28    9.4    0.0    0.0    8.5   25.1  06:27    298
 25   -1.2   13.1  23:22   -2.0  09:25   19.5    0.0    0.0    9.2   25.9  23:45    311
 26    1.6   14.7  01:26   -2.0  08:53   16.7    0.0   10.2   20.5   53.5  22:33    337
 27   -3.2   -1.6  00:06  -39.3  15:26   21.5    0.0    0.0   14.6   41.0  01:16    343
 28   -2.7   -1.6  00:27  -39.3  00:00   21.1    0.0    0.9    6.6   20.4  14:13    336
 29   -1.7   -1.6  10:51   -1.7  10:50   20.0    0.0    0.0    3.6    9.3  11:13    335
 30    9.3   10.9  17:06    7.1  23:47    9.0    0.0   15.3    7.1   21.8  19:57    317
---------------------------------------------------------------------------------------
       5.2   24.5     08  -39.3     27  406.5    0.0   47.7    8.5   53.5     26    295
    
weather/noaa/noaa-2021-11.txt · Last modified: 2021/12/01 00:01 (external edit)