User Tools

Site Tools


weather:noaa:noaa-2021
                     CLIMATOLOGICAL SUMMARY for year 2021


NAME: Scottish Gliding Centre                  
ELEV: 358 feet    LAT: 56-11.34 N    LONG: 003-19.30 W


                                       TEMPERATURE (C)

                              HEAT    COOL                              MAX    MAX    MIN    MIN
          MEAN   MEAN         DEG     DEG                                >=     <=     <=     <=
 YR  MO   MAX    MIN    MEAN  DAYS    DAYS      HI  DAY     LOW  DAY     30      0      0    -20
------------------------------------------------------------------------------------------------
2021 01    4.3   -0.3    2.1  503.0    0.0     9.6   11    -5.9   09      0      0     14      0
2021 02    6.9    1.9    4.4  390.9    0.0    12.2   20    -9.2   11      0      1      9      0
2021 03   10.4    3.8    7.0  351.5    0.0    18.5   18    -1.3   06      0      0      3      0
2021 04   11.4    1.2    6.1  366.6    0.0    19.0   23    -2.1   02      0      0     10      0
2021 05   13.6    5.6    9.2  282.1    0.0    20.6   30     0.5   03      0      0      0      0
2021 06   18.5   10.1   14.2  123.0    0.0    22.7   13     5.2   22      0      0      0      0
2021 07   21.6   12.7   16.8   53.3    3.7    26.6   21     9.6   06      0      0      0      0
2021 08   19.7   10.8   14.7   78.8    0.0    26.2   24     6.3   28      0      0      0      0
2021 09   18.0   -0.1   10.3  244.2    1.8    28.1   08   -11.6   19      0      0     16      0
2021 10   13.0   -2.3    6.3  321.2    0.0    24.1   18   -19.3   16      0      0     14      0
2021 11
2021 12
------------------------------------------------------------------------------------------------
          13.6    4.3    8.9 2714.4    5.6    28.1  Sep   -19.3  Oct      0      1     66      0


                  PRECIPITATION (mm)

                  MAX         ---DAYS OF RAIN---
                  OBS.               OVER
 YR  MO  TOTAL    DAY  DATE   0.30   3.00  30.00
------------------------------------------------
2021 01   85.8   16.8    14     21      9      0
2021 02  124.2   38.4    04     16      7      1
2021 03   42.3    7.5    28     15      6      0
2021 04    9.9    3.0    20      7      1      0
2021 05  134.7   27.9    03     20     11      0
2021 06   34.5   12.9    24     10      4      0
2021 07   46.5   20.4    05      9      4      0
2021 08   26.1   14.1    21      6      3      0
2021 09   57.0   12.6    30     19      5      0
2021 10   76.5   12.3    16     22      9      0
2021 11
2021 12
------------------------------------------------
         637.5   38.4   Feb    145     59      1


           WIND SPEED (knots)

                                DOM
 YR  MO    AVG     HI   DATE    DIR
-----------------------------------
2021 01    5.9   35.0     11    315 
2021 02    8.9   44.9     23    140 
2021 03    8.5   47.6     28    248 
2021 04    6.3   48.2     08    318 
2021 05    5.6   35.8     21     38 
2021 06    6.1   33.0     14    242 
2021 07    4.2   26.4     17    207 
2021 08    4.6   32.5     13    234 
2021 09    5.1   35.0     24    260 
2021 10    7.0   46.3     26    267 
2021 11
2021 12
-----------------------------------
           6.3   48.2    Apr    260
weather/noaa/noaa-2021.txt · Last modified: 2021/10/27 06:32 (external edit)