User Tools

Site Tools


weather:noaa:noaa-2020
                     CLIMATOLOGICAL SUMMARY for year 2020


NAME: Scottish Gliding Centre                  
ELEV: 358 feet    LAT: 56-11.34 N    LONG: 003-19.30 W


                                       TEMPERATURE (C)

                              HEAT    COOL                              MAX    MAX    MIN    MIN
          MEAN   MEAN         DEG     DEG                                >=     <=     <=     <=
 YR  MO   MAX    MIN    MEAN  DAYS    DAYS      HI  DAY     LOW  DAY     30      0      0    -20
------------------------------------------------------------------------------------------------
2020 01    8.4    4.1    6.3  312.0    0.0    13.4   07    -0.9   10      0      0      3      0
2020 02    7.6    1.3    4.4  392.6    0.0    10.3   23    -2.9   07      0      0      7      0
2020 03    7.7   -2.4    3.4  467.9    0.0    14.7   04   -33.9   03      0      1     10      2
2020 04   13.1    4.0    8.6  289.2    0.0    18.0   05    -1.4   14      0      0      2      0
2020 05   16.6    6.6   11.7  200.4    2.3    25.9   29    -0.9   13      0      0      2      0
2020 06   18.0   10.4   13.8  123.9    0.7    24.6   25     6.1   05      0      0      0      0
2020 07   17.8   10.6   13.9  138.1    3.1    27.6   31     8.1   04      0      0      0      0
2020 08   18.2   11.8   14.8  109.3    2.9    25.6   12     6.2   29      0      0      0      0
2020 09   16.3    8.2   11.8  159.8    0.0    23.0   15     1.9   27      0      0      0      0
2020 10   12.5    6.9    9.4  275.4    0.0    15.9   05     4.3   10      0      0      0      0
2020 11   10.3    5.2    7.7  315.8    0.0    15.0   17    -1.8   29      0      0      3      0
2020 12    7.0    2.3    4.8  418.1    0.0    13.2   18    -2.3   25      0      0      7      0
------------------------------------------------------------------------------------------------
          12.8    5.8    9.2 3202.5    8.9    27.6  Jul   -33.9  Mar      0      1     34      2


                  PRECIPITATION (mm)

                  MAX         ---DAYS OF RAIN---
                  OBS.               OVER
 YR  MO  TOTAL    DAY  DATE   0.30   3.00  30.00
------------------------------------------------
2020 01 2021.1  987.0    07     13      7      5
2020 02  120.0   17.4    09     21     14      0
2020 03   32.1    4.5    12     12      5      0
2020 04   10.2    9.0    29      5      1      0
2020 05   19.8    4.8    22      9      3      0
2020 06   57.6   10.2    27     18      9      0
2020 07   75.3   14.7    27     18      9      0
2020 08  103.8   42.9    11     15      7      1
2020 09   36.3   12.6    30     11      5      0
2020 10  138.0   37.2    03     21     13      1
2020 11   60.6   10.8    01     21     10      0
2020 12  112.8   29.1    04     23     11      0
------------------------------------------------
        2787.6  987.0   Jan    187     94      7


           WIND SPEED (knots)

                                DOM
 YR  MO    AVG     HI   DATE    DIR
-----------------------------------
2020 01   10.2   52.3     07    244 
2020 02   11.3   58.1     17    241 
2020 03    8.7   39.1     07    265 
2020 04    7.1   44.9     02    163 
2020 05    7.9   46.8     23    262 
2020 06    7.1   37.7     21    137 
2020 07    7.4   35.0     05    259 
2020 08    5.8   33.6     26    216 
2020 09    6.9  101.9     20    254 
2020 10    6.5   50.9     31    270 
2020 11    7.9   41.6     17    240 
2020 12    6.8   47.6     26    270 
-----------------------------------
           7.7  101.9    Sep    250
weather/noaa/noaa-2020.txt · Last modified: 2021/02/15 14:20 (external edit)