User Tools

Site Tools


weather:noaa:noaa-2018-11
                   MONTHLY CLIMATOLOGICAL SUMMARY for Nov 2018


NAME: Scottish Gliding Centre                  
ELEV: 358 feet    LAT: 56-11.34 N    LONG: 003-19.30 W


                   TEMPERATURE (C), RAIN (mm), WIND SPEED (knots)

                                         HEAT   COOL         AVG
      MEAN                               DEG    DEG          WIND                   DOM
DAY   TEMP   HIGH   TIME    LOW   TIME   DAYS   DAYS   RAIN  SPEED   HIGH   TIME    DIR
---------------------------------------------------------------------------------------
 01    4.9    8.2  13:30    1.7  00:00   13.4    0.0    5.1    3.2   15.2  14:30    283
 02    5.2    9.0  13:00    0.8  06:00   13.1    0.0    0.3    3.7   14.6  20:30    245
 03   12.1   14.7  13:00    7.9  00:30    6.2    0.0  127.2   11.1   35.8  13:00    196
 04   10.2   12.9  13:00    8.3  21:00    8.1    0.0   15.3    5.0   30.3  03:30    199
 05    9.0   10.8  13:30    7.3  18:30    9.4    0.0    3.0    2.5   10.5  00:00    103
 06   10.7   12.3  15:30    8.2  01:30    7.7    0.0    0.0    5.2   19.8  19:30    118
 07   10.7   12.4  14:30    7.4  00:00    7.6    0.0    2.4    7.6   19.8  16:00    148
 08    7.3    9.5  13:30    2.6  07:00   11.0    0.0    4.2    3.8   11.3  16:30    148
 09    9.1   10.1  18:30    8.2  08:00    9.3    0.0    2.1   10.9   26.4  13:30    135
 10    8.5   10.9  12:30    5.9  22:00    9.8    0.0    6.0    3.8   19.8  00:30    172
 11    6.6    8.2  12:00    3.9  20:00   11.7    0.0    3.9    2.8   16.5  16:00    134
 12    8.7   10.9  12:30    6.8  07:30    9.6    0.0    0.0    4.3   15.9  13:30    162
 13    9.3   10.9  12:30    7.9  02:00    9.0    0.0    0.0    7.9   25.1  12:30    232
 14   12.1   13.2  12:30   10.9  02:30    6.2    0.0    7.8    8.6   26.4  18:00    201
 15   11.7   13.9  13:00    9.8  23:00    6.6    0.0    0.6    7.0   27.0  18:30    196
 16   10.0   14.2  13:30    5.5  05:00    8.4    0.0    0.0    2.8   11.9  00:30    114
 17    8.2    9.9  00:30    6.9  17:30   10.2    0.0    0.0    6.3   17.9  12:00     93
 18    7.2    9.8  13:00    5.7  05:00   11.1    0.0    0.0    4.4   14.6  07:00     88
 19    7.0    8.0  11:30    5.3  23:30   11.3    0.0    0.0    6.8   20.4  19:30     82
 20    5.9    7.6  13:30    5.0  05:30   12.5    0.0    2.4   12.9   29.2  15:30     73
 21    4.8    6.5  10:00    1.9  23:30   13.5    0.0   14.1    9.1   30.3  05:30     91
 22    4.4    6.9  23:00    0.2  04:00   14.0    0.0    5.4    3.5   13.2  23:00     76
 23    6.4    7.4  14:30    5.4  23:30   11.9    0.0   10.8    4.3   12.6  01:00     78
 24    5.3    8.0  12:00    3.3  05:30   13.0    0.0    0.6    4.7   17.9  18:30     31
 25    4.8    5.8  11:30    3.8  23:30   13.6    0.0    2.4    7.2   21.2  12:30     64
 26    4.3    5.7  12:00    2.4  07:30   14.1    0.0    7.5    4.2   13.2  02:00     68
 27    5.0    6.4  12:30    2.5  07:00   13.3    0.0    1.8    7.4   25.1  13:30    130
 28    8.8   12.6  15:30    5.7  04:00    9.5    0.0    4.2   12.0   39.7  19:00    184
 29    7.8    9.3  00:30    5.6  13:30   10.5    0.0    9.9   10.4   32.5  20:30    215
 30    6.0    7.7  00:30    3.9  16:30   12.3    0.0    3.0   17.1   40.2  14:30    227
---------------------------------------------------------------------------------------
       7.7   14.7     03    0.2     22  317.8    0.0  240.0    6.7   40.2     30    148
    
weather/noaa/noaa-2018-11.txt · Last modified: 2021/02/15 14:20 (external edit)