User Tools

Site Tools


weather:noaa:noaa-2018-10
                   MONTHLY CLIMATOLOGICAL SUMMARY for Oct 2018


NAME: Scottish Gliding Centre                  
ELEV: 358 feet    LAT: 56-11.34 N    LONG: 003-19.30 W


                   TEMPERATURE (C), RAIN (mm), WIND SPEED (knots)

                                         HEAT   COOL         AVG
      MEAN                               DEG    DEG          WIND                   DOM
DAY   TEMP   HIGH   TIME    LOW   TIME   DAYS   DAYS   RAIN  SPEED   HIGH   TIME    DIR
---------------------------------------------------------------------------------------
 01
 02
 03
 04
 05
 06
 07
 08
 09
 10
 11
 12
 13
 14
 15
 16
 17
 18
 19
 20   13.7   14.2  12:16   12.9  11:16    4.6    0.0    7.8    9.5   19.2  13:16    260
 21   10.5   14.3  10:00    6.7  00:00    7.9    0.0   28.2    9.8   27.8  18:00    271
 22    9.2   11.0  15:00    6.2  03:30    9.2    0.0 1125.9   13.4   44.3  20:00    254
 23   12.0   13.9  14:30   10.3  03:30    6.3    0.0 5261.7   19.2   45.7  04:30    259
 24   11.1   12.3  14:30   10.0  20:30    7.2    0.0  108.6   10.9   30.3  15:30    267
 25   11.1   13.8  13:30    8.3  00:00    7.2    0.0    5.4   10.9   25.9  01:30    255
 26    5.9    8.1  14:00    3.2  23:00   12.4    0.0   28.5   10.8   27.0  12:00    328
 27    3.7    6.5  15:00    1.1  09:00   14.6    0.0   39.6   10.7   30.3  00:30    350
 28    4.1    9.3  15:00   -1.6  23:00   14.2    0.0    0.0    6.1   21.2  07:30    352
 29    2.1    7.3  14:00   -3.5  07:30   16.2    0.0    0.0    2.2   11.9  14:00    133
 30    5.1    8.0  11:00    2.7  23:30   13.2    0.0    1.5    3.2   16.5  11:30     59
 31    5.5    9.2  13:00    0.1  05:30   12.8    0.0    1.8    2.9   14.6  13:30    178
---------------------------------------------------------------------------------------
       7.3   14.3     21   -3.5     29  126.1    0.0 6609.0    9.1   45.7     23    280
    
weather/noaa/noaa-2018-10.txt · Last modified: 2021/02/15 14:20 (external edit)