User Tools

Site Tools


weather:noaa:noaa-2021-08
                   MONTHLY CLIMATOLOGICAL SUMMARY for Aug 2021


NAME: Scottish Gliding Centre                  
ELEV: 358 feet    LAT: 56-11.34 N    LONG: 003-19.30 W


                   TEMPERATURE (C), RAIN (mm), WIND SPEED (knots)

                                         HEAT   COOL         AVG
      MEAN                               DEG    DEG          WIND                   DOM
DAY   TEMP   HIGH   TIME    LOW   TIME   DAYS   DAYS   RAIN  SPEED   HIGH   TIME    DIR
---------------------------------------------------------------------------------------
 01
 02
 03
 04
 05
 06
 07
 08
 09
 10   16.7   22.2  15:23   12.6  23:14    1.7    0.0    0.0    3.8   15.2  16:15    252
 11   14.5   17.6  13:04   11.4  04:48    3.9    0.0    7.5    4.2   13.8  18:25    220
 12   13.7   18.4  16:06    6.5  06:04    4.7    0.0    3.3    6.4   24.5  16:39    200
 13   14.1   17.1  16:23   11.9  04:43    4.2    0.0    0.6   10.1   32.5  15:26    227
 14   14.9   19.0  16:53   10.8  23:27    3.4    0.0    0.0    8.9   21.2  10:10    254
 15   12.4   18.0  17:03    9.3  05:21    6.0    0.0    0.0    5.0   21.2  17:29    287
 16   14.9   19.6  15:46   11.7  06:02    3.4    0.0    0.0    9.0   19.2  18:13    301
 17   16.7   21.9  15:50   13.1  23:33    1.7    0.0    0.0    7.8   17.9  15:30    263
 18   15.6   20.3  13:18   11.1  05:06    2.7    0.0    0.0    8.6   26.4  12:45    271
 19   13.3   17.4  14:39   10.6  23:59    5.1    0.0    0.0    2.9    8.0  00:00     95
 20   14.4   19.0  13:26    9.4  01:49    3.9    0.0    0.3    2.7    9.9  16:12    111
 21   16.0   18.2  12:35   15.1  20:56    2.3    0.0   14.1    3.0    9.3  13:34    116
 22   16.3   19.5  12:47   12.5  23:50    2.1    0.0    0.3    3.0    9.9  15:22    103
 23   16.0   21.9  13:05   11.6  01:26    2.4    0.0    0.0    2.2    8.6  14:57    125
 24   17.1   26.2  14:46   11.6  06:10    1.3    0.0    0.0    2.1    8.6  15:39    164
 25   15.9   24.2  14:01   11.6  06:42    2.5    0.0    0.0    2.4   11.3  15:45    133
 26   14.1   16.9  15:36   11.5  20:45    4.3    0.0    0.0    3.6   11.9  13:34    141
 27   13.4   18.9  13:47    9.8  23:37    5.0    0.0    0.0    2.5   11.3  14:36    134
 28   14.4   23.9  14:19    6.3  04:37    3.9    0.0    0.0    2.1    8.6  15:08    131
 29   13.9   17.7  16:03   11.5  00:22    4.5    0.0    0.0    2.9   12.6  23:56    123
 30   13.5   17.5  15:45   11.4  06:04    4.9    0.0    0.0    4.8   13.2  00:08     62
 31   13.1   18.0  14:26    6.3  06:12    5.2    0.0    0.0    3.1   10.5  12:24     23
---------------------------------------------------------------------------------------
      14.7   26.2     24    6.3     28   78.8    0.0   26.1    4.6   32.5     13    234
    
weather/noaa/noaa-2021-08.txt · Last modified: 2021/08/31 23:01 (external edit)