User Tools

Site Tools


weather:noaa:noaa-2021-07
                   MONTHLY CLIMATOLOGICAL SUMMARY for Jul 2021


NAME: Scottish Gliding Centre                  
ELEV: 358 feet    LAT: 56-11.34 N    LONG: 003-19.30 W


                   TEMPERATURE (C), RAIN (mm), WIND SPEED (knots)

                                         HEAT   COOL         AVG
      MEAN                               DEG    DEG          WIND                   DOM
DAY   TEMP   HIGH   TIME    LOW   TIME   DAYS   DAYS   RAIN  SPEED   HIGH   TIME    DIR
---------------------------------------------------------------------------------------
 01   15.3   20.9  15:25    9.7  02:53    3.0    0.0    0.0    3.8   14.6  22:35    121
 02   14.1   19.0  13:45   10.2  04:47    4.2    0.0    0.0    4.4   12.6  16:48    111
 03   15.1   19.9  13:58   11.3  03:57    3.2    0.0    7.8    4.0   11.9  11:54     97
 04   16.5   21.3  14:43   14.0  23:37    1.8    0.0    2.4    3.9   13.8  15:52    107
 05   14.6   16.1  12:46   12.6  23:42    3.8    0.0   20.4    2.3   14.6  18:29    202
 06   13.4   17.6  15:50    9.6  04:14    4.9    0.0    6.0    2.3   10.5  16:21    358
 07   16.6   20.7  18:27   12.5  00:48    1.7    0.0    0.0    3.8   12.6  12:29    302
 08   16.1   21.3  15:50   11.2  04:01    2.2    0.0    0.0    2.8    9.3  01:13    305
 09   16.3   21.4  09:58   13.4  04:48    2.0    0.0    0.0    3.5   11.9  11:00    108
 10   16.7   20.2  15:44   14.2  00:00    1.6    0.0    0.0    3.1    9.9  12:35    105
 11   17.3   21.8  12:15   14.7  04:42    1.1    0.0    0.3    2.3   11.3  16:50    144
 12   16.7   21.0  15:17   13.2  23:33    1.6    0.0    0.6    3.9   11.9  17:28     98
 13   17.2   25.2  12:48   12.2  01:38    1.1    0.0    2.7    3.1   11.9  15:05    138
 14   18.0   21.8  15:13   13.1  02:02    0.4    0.0    0.0    7.4   21.8  18:06    263
 15   17.8   24.8  13:59   13.1  23:59    0.5    0.0    0.0    4.8   17.1  03:08    253
 16   18.7   23.9  15:40   12.3  03:02    0.0    0.4    0.0    7.0   20.4  13:50    269
 17   19.3   23.6  15:10   15.2  05:11    0.0    1.0    0.0    9.9   26.4  13:16    265
 18   17.5   21.3  14:56   14.5  04:30    0.9    0.0    0.0    6.0   15.2  11:08    278
 19   17.5   25.3  14:46   13.2  05:05    0.8    0.0    0.0    2.7    9.9  16:07    140
 20   17.3   22.7  14:01   11.3  05:37    1.0    0.0    0.0    3.8   12.6  14:56    111
 21   19.0   26.6  15:13   14.5  23:47    0.0    0.7    0.0    2.7    9.3  19:07    114
 22   17.5   21.5  15:27   13.3  01:30    0.8    0.0    0.0    3.9   11.9  17:16    121
 23   17.0   22.5  15:32   13.3  23:36    1.3    0.0    0.0    3.3   11.3  16:18    103
 24   16.1   21.6  15:01   11.8  23:54    2.2    0.0    0.0    4.3   14.6  16:31    104
 25   16.2   22.6  14:06    9.7  05:01    2.1    0.0    0.0    2.6   11.9  14:28    132
 26   20.0   26.2  17:07   11.9  02:25    0.0    1.7    0.0    4.7   14.6  15:29    258
 27   17.6   23.1  17:03   13.8  02:25    0.7    0.0    0.0    3.9   10.5  17:32    109
 28   16.2   18.7  15:08   13.7  22:47    2.1    0.0    2.1    6.9   20.4  15:44    253
 29   16.4   21.3  14:17   12.9  02:51    1.9    0.0    0.0    6.9   19.2  17:59    283
 30   15.7   20.7  15:18   13.2  04:56    2.7    0.0    4.2    2.9    9.9  00:08     26
 31   14.8   15.0  01:28   14.6  00:00    3.5    0.0    0.0    2.5    5.2  01:04    301
---------------------------------------------------------------------------------------
      16.8   26.6     21    9.6     06   53.3    3.7   46.5    4.2   26.4     17    207
    
weather/noaa/noaa-2021-07.txt · Last modified: 2021/07/31 23:01 (external edit)