User Tools

Site Tools


weather:noaa:noaa-2021-06
                   MONTHLY CLIMATOLOGICAL SUMMARY for Jun 2021


NAME: Scottish Gliding Centre                  
ELEV: 358 feet    LAT: 56-11.34 N    LONG: 003-19.30 W


                   TEMPERATURE (C), RAIN (mm), WIND SPEED (knots)

                                         HEAT   COOL         AVG
      MEAN                               DEG    DEG          WIND                   DOM
DAY   TEMP   HIGH   TIME    LOW   TIME   DAYS   DAYS   RAIN  SPEED   HIGH   TIME    DIR
---------------------------------------------------------------------------------------
 01   14.5   22.1  13:14    7.8  03:43    3.8    0.0    0.0    4.2   17.9  16:07     79
 02   12.8   18.6  15:56    7.3  05:32    5.6    0.0    0.0    6.2   18.5  13:09     86
 03   13.6   17.8  13:32   10.5  00:48    4.7    0.0    0.0    6.6   17.9  05:12     96
 04   13.9   17.9  13:47    8.7  04:50    4.4    0.0    0.0    5.1   15.9  08:18    231
 05   14.1   19.6  17:34    6.1  04:41    4.2    0.0    0.3    3.5   14.6  10:57    274
 06   14.4   18.7  17:48    9.0  23:57    3.9    0.0    0.3    5.8   17.9  14:11    271
 07   15.6   21.8  14:38    8.3  01:11    2.8    0.0    0.0    3.2   11.9  15:13    159
 08   15.4   19.6  15:31   10.4  03:03    2.9    0.0    0.0    6.4   24.5  12:14    229
 09   16.3   19.4  14:32   14.1  05:23    2.0    0.0    0.3    5.4   19.2  17:39    218
 10   17.3   20.4  14:16   15.2  06:19    1.0    0.0    0.0    8.8   25.9  15:35    212
 11   15.1   17.0  00:00   11.4  23:59    3.3    0.0    0.0   12.2   29.7  08:24    253
 12   13.7   17.4  17:00    9.9  04:06    4.6    0.0    0.0   11.0   31.1  15:04    256
 13   17.9   22.7  14:08   13.4  01:43    0.5    0.0    0.0   11.7   28.4  14:23    240
 14   13.0   15.5  13:07   10.7  23:14    5.3    0.0    3.0   11.4   33.0  13:33    266
 15   13.6   17.3  17:17    7.8  03:43    4.7    0.0    0.0    6.2   20.4  19:31    219
 16   14.7   17.5  16:15   11.7  23:22    3.6    0.0    0.0    7.6   23.7  08:07    237
 17   14.8   19.4  15:40    9.3  01:04    3.5    0.0    0.0    5.6   17.1  15:15    268
 18   12.1   16.2  10:17    6.7  04:31    6.2    0.0    0.0    5.7   17.9  16:22    125
 19   12.8   16.0  13:45   10.1  01:28    5.5    0.0    0.6    5.0   14.6  17:33     96
 20   13.7   19.2  13:48   11.0  01:49    4.6    0.0    6.6    3.0   11.9  18:30     82
 21   12.9   16.9  12:04    9.6  05:44    5.5    0.0    9.0    3.7   15.2  15:47     12
 22   13.4   19.6  16:42    5.2  05:03    4.9    0.0    0.0    5.0   19.8  19:27    257
 23   15.4   21.3  14:34   11.1  02:43    3.0    0.0    0.0    7.6   17.9  02:27    269
 24   15.0   19.2  13:17   11.1  23:54    3.3    0.0   12.9    7.8   21.8  13:08    281
 25   11.9   14.6  12:12    9.9  06:00    6.4    0.0    0.6    8.5   26.4  21:29      8
 26   11.7   14.0  13:29    9.8  03:20    6.7    0.0    0.9    2.8   13.2  00:21    121
 27   15.2   21.3  12:54   11.1  00:00    3.1    0.0    0.0    2.8    9.9  13:53    141
 28   14.7   18.5  13:32   11.7  01:18    3.6    0.0    0.0    2.5    8.6  15:12     12
 29   14.3   18.7  14:51   11.9  22:07    4.1    0.0    0.0    4.5   13.2  16:49    128
 30   13.2   18.0  15:31   10.8  04:22    5.2    0.0    0.0    3.2    9.3  16:40    133
---------------------------------------------------------------------------------------
      14.2   22.7     13    5.2     22  123.0    0.0   34.5    6.1   33.0     14    242
    
weather/noaa/noaa-2021-06.txt · Last modified: 2021/06/30 23:02 (external edit)