User Tools

Site Tools


weather:noaa:noaa-2021-05
                   MONTHLY CLIMATOLOGICAL SUMMARY for May 2021


NAME: Scottish Gliding Centre                  
ELEV: 358 feet    LAT: 56-11.34 N    LONG: 003-19.30 W


                   TEMPERATURE (C), RAIN (mm), WIND SPEED (knots)

                                         HEAT   COOL         AVG
      MEAN                               DEG    DEG          WIND                   DOM
DAY   TEMP   HIGH   TIME    LOW   TIME   DAYS   DAYS   RAIN  SPEED   HIGH   TIME    DIR
---------------------------------------------------------------------------------------
 01    6.3   10.8  12:49    2.5  03:42   12.1    0.0    0.9    2.2   13.2  12:03     68
 02    6.6   11.9  16:20    1.1  06:00   11.7    0.0    0.6    2.6   11.3  17:30    307
 03    5.2    8.2  10:46    0.5  05:17   13.1    0.0   27.9    7.3   31.1  23:07     82
 04    6.4   10.3  15:48    3.0  23:59   11.9    0.0    5.4   13.0   34.4  03:02      1
 05    5.2    9.1  14:18    2.0  03:51   13.1    0.0    0.0    9.8   23.7  17:39    323
 06    4.8    9.9  18:16    0.6  01:54   13.6    0.0   15.0    7.8   23.7  15:29    332
 07    6.9   12.3  14:55    3.0  03:14   11.4    0.0    2.4    3.6   17.9  13:06    322
 08    5.8    8.0  10:30    1.6  04:16   12.5    0.0    7.5    4.2   25.1  12:43    109
 09   10.9   14.4  15:36    7.3  00:00    7.5    0.0    1.5    5.2   25.9  14:58    178
 10   11.3   14.4  10:49    8.8  05:43    7.0    0.0    3.3    4.4   17.9  19:50    158
 11   11.3   16.3  16:55    8.0  04:38    7.0    0.0    6.9    6.9   21.2  04:00    190
 12   10.0   15.9  16:04    8.1  03:44    8.3    0.0    0.9    6.2   21.2  00:56     86
 13    8.3    9.8  14:59    7.3  22:56   10.0    0.0    0.0    5.4   11.9  16:29     78
 14    9.0   13.2  17:02    6.7  22:13    9.4    0.0    2.7    2.2   10.5  17:57    118
 15   10.0   14.6  12:53    7.1  03:57    8.3    0.0    0.0    5.9   13.8  15:30    102
 16    9.5   13.8  15:20    4.0  04:21    8.9    0.0    0.0    4.7   15.9  16:34     89
 17   10.0   15.0  13:32    7.4  03:54    8.4    0.0    2.4    2.8   13.8  20:03     65
 18   10.6   15.7  13:40    6.1  05:29    7.8    0.0    0.3    5.4   19.8  16:32    297
 19   10.4   16.9  12:34    6.9  02:06    7.9    0.0    0.0    3.5   12.6  16:14    134
 20    9.3   11.9  10:05    7.7  12:42    9.1    0.0   10.2    6.7   23.7  16:25    102
 21    8.3    9.2  01:26    6.3  23:58   10.0    0.0   17.4   10.4   35.8  13:35     21
 22    8.4   12.8  18:04    4.0  23:59    9.9    0.0    0.0    6.8   16.5  07:48    328
 23    8.2   11.8  15:05    3.9  00:01   10.1    0.0    8.7    5.4   18.5  18:45    139
 24    8.4   10.0  19:31    6.3  05:39    9.9    0.0   14.4   10.3   23.7  15:01    272
 25    9.4   12.4  13:18    6.3  01:03    9.0    0.0    6.0    6.8   19.8  03:59    347
 26   11.2   16.2  18:45    7.8  01:42    7.1    0.0    0.3    6.4   16.5  11:58    334
 27   11.7   18.0  16:38    7.4  00:46    6.6    0.0    0.0    2.6    9.3  08:54    124
 28   12.8   19.4  12:22    6.7  04:34    5.6    0.0    0.0    3.7   13.2  18:23    149
 29   12.6   19.0  12:05    8.5  03:09    5.7    0.0    0.0    2.7   11.3  17:08    137
 30   14.1   20.6  14:06    8.1  04:55    4.3    0.0    0.0    3.3   13.2  17:38    120
 31   13.3   19.1  16:51    7.4  03:24    5.0    0.0    0.0    4.1   15.9  14:27     83
---------------------------------------------------------------------------------------
       9.2   20.6     30    0.5     03  282.1    0.0  134.7    5.6   35.8     21     38
    
weather/noaa/noaa-2021-05.txt · Last modified: 2021/05/31 23:01 (external edit)