User Tools

Site Tools


weather:noaa:noaa-2021-04
                 MONTHLY CLIMATOLOGICAL SUMMARY for Apr 2021

NAME: Auchtermuchty TEST, Fife, Scotland ELEV: 48 meters LAT: 56-18.00 N LONG: 003-13.89 W

                 TEMPERATURE (C), RAIN (mm), WIND SPEED (knots)
                                       HEAT   COOL         AVG
    MEAN                               DEG    DEG          WIND                   DOM

DAY TEMP HIGH TIME LOW TIME DAYS DAYS RAIN SPEED HIGH TIME DIR


01 4.8 10.3 15:34 -0.3 23:24 24.3 0.0 0.0 0.3 6.0 12:53 219 02 4.8 12.3 16:54 -3.1 05:27 24.3 0.0 0.0 0.1 5.1 11:30 24 03 7.3 16.0 16:56 -1.7 06:55 19.8 0.0 0.0 0.2 6.0 22:43 25 04 7.3 12.0 14:02 3.8 05:10 19.8 0.0 0.0 2.0 15.0 13:45 69 05 2.1 7.4 15:43 -1.9 06:55 29.3 0.0 0.0 1.8 13.8 13:20 10 06 2.1 6.3 15:13 -0.5 04:14 29.2 0.0 0.0 1.3 11.9 12:56 14 07 3.0 7.3 16:46 -0.9 02:52 27.5 0.0 0.0 0.3 8.0 16:25 10 08 6.6 12.1 12:04 0.9 00:28 21.0 0.0 0.0 1.8 12.8 18:00 75 09 3.9 8.8 16:01 -1.5 06:53 26.0 0.0 0.0 0.6 8.9 14:09 22 10 2.2 9.4 14:39 -4.0 06:24 29.1 0.0 0.8 0.3 8.0 15:58 356 11 1.5 8.6 14:20 -3.6 06:41 30.2 0.0 0.0 0.2 8.0 14:33 10 12 3.8 11.1 15:47 -2.9 01:10 26.2 0.0 0.8 0.3 6.0 14:06 14 13 4.1 13.3 15:16 -5.1 06:04 25.7 0.0 0.0 0.2 8.0 13:07 332 14 5.5 14.0 15:27 -2.9 05:41 23.1 0.0 0.0 0.2 5.1 16:09 339 15 9.8 14.7 14:42 1.4 23:56 15.3 0.0 0.0 0.4 6.0 18:02 322 16 6.5 15.8 16:08 -2.5 05:51 21.3 0.0 0.0 0.3 8.0 17:14 358 17 6.6 15.8 14:46 -1.4 05:11 21.1 0.0 0.0 0.3 6.0 12:07 353 18 7.0 13.4 15:48 0.3 03:26 20.4 0.0 0.0 0.1 6.0 15:07 302 19 10.7 18.0 15:35 4.9 06:08 13.7 0.0 0.0 0.2 6.0 14:02 295 20 8.3 13.5 15:08 4.3 02:32 18.0 0.0 2.3 0.1 6.0 16:29 15 21 6.6 12.1 14:33 0.3 05:57 21.2 0.0 0.5 0.3 7.0 17:44 336 22 8.6 18.7 16:12 -1.7 05:31 17.5 0.0 0.0 0.2 7.0 14:56 345 23 4.1 10.6 09:14 1.1 06:27 25.5 0.0 0.0 0.0 1.0 00:00 355 24 9.5 13.7 15:08 3.3 23:59 15.9 0.0 0.0 0.4 5.1 15:48 5 25 7.5 15.7 14:51 -0.3 05:31 19.5 0.0 0.0 0.2 5.1 11:58 317 26 8.4 14.1 14:04 3.4 03:43 17.9 0.0 0.5 0.7 8.9 16:15 51 27 6.4 7.5 01:00 4.6 00:00 21.5 0.0 1.0 0.7 8.0 08:48 0 28 6.2 10.5 14:05 2.9 22:33 21.9 0.0 4.3 0.6 9.9 09:42 4 29 5.3 11.2 17:03 -0.4 05:35 23.5 0.0 1.3 0.3 6.0 11:46 3 30 6.2 11.5 13:32 2.7 00:57 21.9 0.0 0.0 0.4 6.0 11:24 2


     5.8   18.7     22   -5.1     13  671.7    0.0   11.5    0.5   15.0     04     26
  
weather/noaa/noaa-2021-04.txt · Last modified: 2022/07/01 16:16 (external edit)