User Tools

Site Tools


weather:noaa:noaa-2020-11
                   MONTHLY CLIMATOLOGICAL SUMMARY for Nov 2020


NAME: Scottish Gliding Centre                  
ELEV: 358 feet    LAT: 56-11.34 N    LONG: 003-19.30 W


                   TEMPERATURE (C), RAIN (mm), WIND SPEED (knots)

                                         HEAT   COOL         AVG
      MEAN                               DEG    DEG          WIND                   DOM
DAY   TEMP   HIGH   TIME    LOW   TIME   DAYS   DAYS   RAIN  SPEED   HIGH   TIME    DIR
---------------------------------------------------------------------------------------
 01    8.9   10.7  12:01    6.8  01:31    9.5    0.0   10.8   11.4   39.1  12:04    216
 02    8.4   10.6  14:23    6.7  20:39    9.9    0.0    0.0   10.1   34.4  02:18    246
 03    6.1    8.7  14:16    4.3  20:30   12.2    0.0    4.8    9.0   32.5  03:07    256
 04    7.4   10.7  12:24    3.9  06:45   10.9    0.0    0.3    5.7   17.9  18:14    269
 05   10.2   13.2  12:59    7.4  23:59    8.1    0.0    0.0    9.5   25.9  15:57    268
 06    6.4    8.1  11:33    3.6  04:12   11.9    0.0    0.0    2.2    8.6  01:49    308
 07    4.1    5.3  00:05    2.5  18:39   14.2    0.0    0.3    1.9    8.6  03:23    352
 08    7.6    9.4  10:33    3.4  00:33   10.7    0.0    4.2    5.0   15.9  09:14     83
 09   10.2   11.1  13:39    8.4  06:37    8.2    0.0    0.0    1.7    5.2  19:22    141
 10   10.9   11.7  13:22    9.7  03:30    7.4    0.0    0.0    3.3   13.2  21:44    171
 11   11.0   12.4  13:54    9.6  00:48    7.3    0.0    7.5    6.5   18.5  10:26    151
 12   10.0   11.7  23:47    8.4  08:55    8.3    0.0    0.3    7.6   25.1  07:33    223
 13    8.6   11.9  02:53    7.0  07:34    9.7    0.0    1.5   12.4   33.0  14:30    217
 14    9.1   11.6  21:54    7.8  00:00    9.2    0.0    3.3    6.6   34.4  23:18    160
 15    8.9   10.8  00:00    7.4  19:25    9.4    0.0    6.3    6.3   30.3  01:28    210
 16    9.0   11.4  22:31    8.0  14:34    9.3    0.0    1.5    9.8   26.4  14:15    249
 17   13.8   15.0  18:24   12.4  00:16    4.6    0.0    3.9   20.3   41.6  09:28    233
 18   10.7   13.9  00:00    6.6  18:59    7.7    0.0    3.3   14.0   39.7  18:24    230
 19    3.9    6.9  00:00    0.0  20:58   14.5    0.0    0.0    6.2   23.1  03:06    317
 20    7.2   12.2  17:49    0.5  00:00   11.2    0.0    3.3    8.5   35.8  17:49    221
 21    8.1   11.2  00:00    5.6  23:59   10.3    0.0    1.8   12.8   27.8  00:45    251
 22    5.8    7.8  12:04    4.6  18:28   12.5    0.0    0.3    8.8   23.1  02:05    251
 23    8.5   12.1  22:55    5.2  00:00    9.8    0.0    3.6   13.1   37.7  22:10    228
 24   10.0   12.0  14:13    6.6  23:26    8.3    0.0    2.4    8.6   32.5  14:55    225
 25    6.3    9.0  14:14    3.4  23:58   12.0    0.0    0.0    4.8   14.6  09:08    274
 26    4.3    6.4  12:20    1.7  07:25   14.0    0.0    0.3    3.1   10.5  14:40    306
 27    4.8    6.9  13:39    1.6  21:27   13.6    0.0    0.3    2.2    9.3  12:45    313
 28    3.2    9.6  14:43   -0.5  23:59   15.1    0.0    0.0    1.3    8.0  01:05    333
 29    3.1    6.4  22:54   -1.8  03:12   15.2    0.0    0.0    2.9   11.9  22:49    298
 30    7.5   11.4  12:10    3.8  21:30   10.8    0.0    0.6   12.4   32.5  07:23    281
---------------------------------------------------------------------------------------
       7.7   15.0     17   -1.8     29  315.8    0.0   60.6    7.9   41.6     17    240
    
weather/noaa/noaa-2020-11.txt · Last modified: 2021/02/15 14:20 (external edit)