User Tools

Site Tools


weather:noaa:noaa-2020-09
                   MONTHLY CLIMATOLOGICAL SUMMARY for Sep 2020


NAME: Scottish Gliding Centre                  
ELEV: 358 feet    LAT: 56-11.34 N    LONG: 003-19.30 W


                   TEMPERATURE (C), RAIN (mm), WIND SPEED (knots)

                                         HEAT   COOL         AVG
      MEAN                               DEG    DEG          WIND                   DOM
DAY   TEMP   HIGH   TIME    LOW   TIME   DAYS   DAYS   RAIN  SPEED   HIGH   TIME    DIR
---------------------------------------------------------------------------------------
 01
 02
 03
 04
 05
 06   14.6   18.2  14:43   11.2  20:53    3.7    0.0    0.0    4.0   13.2  11:12    318
 07   14.3   17.7  16:50   11.7  05:01    4.0    0.0    1.8   12.3   29.7  12:59    246
 08   16.1   19.7  14:08   12.4  06:08    2.2    0.0    3.3   10.7   35.0  23:05    243
 09   13.3   16.3  00:00    9.9  23:57    5.1    0.0    0.0   10.3   26.4  01:05    263
 10   10.6   13.1  13:25    6.5  06:29    7.7    0.0    0.0    7.6   24.5  22:30    244
 11   12.7   15.7  15:25   11.1  22:45    5.6    0.0    3.6   13.6   36.9  10:59    232
 12   11.7   14.3  14:46    9.3  06:03    6.7    0.0    7.5   10.9   28.4  12:34    244
 13   16.2   18.1  15:13   12.0  00:00    2.1    0.0    3.3   16.8   39.1  01:48    234
 14   16.3   20.3  17:26   14.5  23:27    2.0    0.0    0.0    6.1   25.1  01:23    236
 15   16.1   23.0  16:59   12.5  02:51    2.2    0.0    0.0    1.7    6.6  00:47    295
 16   11.9   15.3  00:57   10.5  23:51    6.4    0.0    1.5    5.9   17.1  11:41     87
 17   12.4   21.0  14:36    6.7  05:35    5.9    0.0    0.0    1.9    8.0  16:02    133
 18   12.9   19.7  13:26    7.2  05:25    5.4    0.0    0.0    3.0   34.4  05:12    115
 19   11.7   16.9  15:27    7.4  06:50    6.6    0.0    0.0    2.9   11.3  12:26    114
 20   11.9   15.2  15:12    7.6  22:08    6.4    0.0    0.6    2.3  101.9  08:40    123
 21   12.8   16.3  14:35    9.5  00:00    5.5    0.0    0.0    7.5   23.1  12:52    265
 22   13.0   15.5  14:57   11.6  09:10    5.4    0.0    0.0   10.9   32.5  14:44    241
 23    9.6   13.5  16:41    6.2  05:52    8.7    0.0    1.5    4.3   13.8  03:49    317
 24    8.4   13.6  14:44    2.9  23:18    9.9    0.0    0.3    6.5   17.1  10:02     25
 25    8.2   12.7  14:22    4.5  00:05   10.2    0.0    0.0    8.0   25.1  16:53    337
 26    8.4   14.1  16:10    4.2  03:59    9.9    0.0    0.0    6.8   21.2  05:03    340
 27    7.3   14.4  16:41    1.9  07:53   11.0    0.0    0.0    3.3   11.3  01:19    281
 28    8.8   14.5  17:44    3.4  00:08    9.5    0.0    0.0    2.9   14.6  19:14    301
 29    9.1   15.5  15:39    4.8  05:11    9.3    0.0    0.3    3.2   10.5  13:47    301
 30   10.2   13.0  18:03    5.3  00:05    8.1    0.0   12.6    4.4   13.2  05:33    121
---------------------------------------------------------------------------------------
      11.8   23.0     15    1.9     27  159.8    0.0   36.3    6.9  101.9     20    254
    
weather/noaa/noaa-2020-09.txt · Last modified: 2021/02/15 14:20 (external edit)