User Tools

Site Tools


weather:noaa:noaa-2020-08
                   MONTHLY CLIMATOLOGICAL SUMMARY for Aug 2020


NAME: Scottish Gliding Centre                  
ELEV: 358 feet    LAT: 56-11.34 N    LONG: 003-19.30 W


                   TEMPERATURE (C), RAIN (mm), WIND SPEED (knots)

                                         HEAT   COOL         AVG
      MEAN                               DEG    DEG          WIND                   DOM
DAY   TEMP   HIGH   TIME    LOW   TIME   DAYS   DAYS   RAIN  SPEED   HIGH   TIME    DIR
---------------------------------------------------------------------------------------
 01   15.8   18.1  12:02   13.4  23:22    2.5    0.0    0.3    7.5   19.2  09:51    261
 02   14.1   17.9  15:47    9.7  23:56    4.2    0.0    0.6    7.3   23.1  16:21    264
 03   12.5   17.1  16:53    7.0  05:34    5.8    0.0    0.0    6.8   18.5  16:00    269
 04   13.9   17.3  23:10   10.6  04:47    4.5    0.0   24.0    7.1   25.1  23:11    203
 05   15.9   17.9  15:53   14.1  06:00    2.4    0.0    3.0    6.4   22.5  01:38    246
 06   17.2   22.8  14:06   11.8  05:41    1.2    0.0    0.0    4.0   16.5  22:30    244
 07   18.2   23.1  17:09   13.6  23:49    0.1    0.0    0.3    6.2   19.2  18:47    213
 08   15.1   23.0  13:59    9.4  05:31    3.3    0.0    0.0    4.2   13.2  16:26    117
 09   13.5   18.1  15:17    8.2  03:21    4.9    0.0    0.0    4.5   16.5  14:42    108
 10   15.6   20.7  15:09   12.9  23:54    2.8    0.0    1.2    5.0   11.9  13:00     73
 11   16.4   21.0  14:58   12.9  00:00    1.9    0.0   42.9    3.3   17.9  21:42    117
 12   21.2   25.6  12:55   17.0  23:56    0.0    2.9    3.6    3.3   11.3  13:50    136
 13   15.7   18.3  14:03   14.0  22:32    2.7    0.0    0.0    4.9   12.6  16:12    136
 14   15.9   17.4  14:42   14.1  22:49    2.4    0.0    0.0    3.7    9.3  16:03    123
 15   15.6   18.2  16:37   13.5  23:51    2.7    0.0    0.0    4.4    9.9  13:12     89
 16   13.9   15.4  15:07   12.8  00:00    4.4    0.0    0.0    4.2   11.9  12:36     96
 17   13.6   15.6  13:48   12.1  06:00    4.7    0.0    0.0    6.2   19.8  14:05     71
 18   16.1   19.0  17:07   14.7  22:50    2.2    0.0    0.0    3.2   11.3  17:41     89
 19   17.6   20.6  16:01   14.9  00:00    0.7    0.0    0.3    9.4   19.8  21:46     88
 20   18.0   20.9  15:18   14.9  06:30    0.3    0.0    0.0    7.5   23.7  12:39    175
 21   16.0   18.9  12:44   14.2  06:16    2.4    0.0    7.8    7.9   28.4  14:16    191
 22   15.7   19.0  14:47   13.5  06:41    2.6    0.0    0.3   10.4   25.1  04:27    248
 23   13.7   16.5  12:32   11.4  23:56    4.6    0.0    0.6    4.7   15.9  00:56    273
 24   12.0   15.8  16:37    9.5  23:32    6.3    0.0    0.0    4.4   16.5  00:40     91
 25   11.2   12.7  11:57    9.1  01:23    7.2    0.0   13.5    8.4   27.8  11:49     90
 26   12.7   14.8  16:47   11.6  22:10    5.6    0.0    5.1    4.3   33.6  02:11    339
 27
 28   12.7   15.5  17:09   10.2  23:58    5.6    0.0    0.3   10.7   23.7  18:59      8
 29   11.2   15.9  16:52    6.2  05:15    7.1    0.0    0.0    7.3   22.5  10:30    357
 30   12.3   16.6  12:52    8.3  04:50    6.0    0.0    0.0    3.9   12.6  10:10    310
 31   10.1   11.7  00:49    7.8  06:25    8.2    0.0    0.0    1.0    5.2  00:56    109
---------------------------------------------------------------------------------------
      14.8   25.6     12    6.2     29  109.3    2.9  103.8    5.8   33.6     26    216
    
weather/noaa/noaa-2020-08.txt · Last modified: 2021/02/15 14:20 (external edit)