User Tools

Site Tools


weather:noaa:noaa-2020-08
                 MONTHLY CLIMATOLOGICAL SUMMARY for Aug 2020

NAME: Auchtermuchty TEST, Fife, Scotland ELEV: 48 meters LAT: 56-18.00 N LONG: 003-13.89 W

                 TEMPERATURE (C), RAIN (mm), WIND SPEED (knots)
                                       HEAT   COOL         AVG
    MEAN                               DEG    DEG          WIND                   DOM

DAY TEMP HIGH TIME LOW TIME DAYS DAYS RAIN SPEED HIGH TIME DIR


01 17.5 23.1 12:34 13.1 23:45 1.5 0.0 0.3 0.9 9.3 11:58 45 02 15.5 22.7 16:31 9.7 23:06 5.1 0.0 0.3 0.8 9.3 16:14 41 03 14.3 21.8 15:13 8.0 04:54 7.2 0.0 0.0 0.8 7.2 10:47 N/A 04 13.9 16.9 17:50 10.4 00:45 8.1 0.0 43.2 0.8 13.2 17:27 72 05 16.8 21.2 15:10 13.2 05:20 2.8 0.0 4.5 0.3 8.0 09:29 45 06 19.1 28.4 15:13 11.5 05:59 0.0 1.4 0.0 0.3 6.6 22:57 45 07 19.7 28.6 14:38 13.2 23:57 0.0 2.5 0.9 0.6 8.6 12:38 45 08 17.1 26.6 12:34 9.7 05:31 2.3 0.0 0.3 0.2 7.2 14:30 45 09 15.6 22.8 12:50 9.9 00:00 4.9 0.0 0.0 0.5 9.3 13:23 45 10 17.0 24.5 13:52 12.9 00:00 2.4 0.0 0.3 0.3 6.6 15:05 45 11 17.5 25.4 17:26 13.8 00:25 1.6 0.0 32.1 0.0 3.9 19:15 45 12 21.3 30.3 12:07 15.8 00:44 0.0 5.3 36.9 0.2 6.0 16:46 45 13 18.0 24.5 13:09 14.6 23:57 0.7 0.0 0.0 0.1 7.2 13:24 45 14 16.2 21.1 14:50 13.6 06:37 3.9 0.0 0.6 0.0 4.7 16:59 45 15 16.1 23.3 15:52 13.8 05:11 4.0 0.0 0.0 0.0 4.7 19:29 45 16 14.5 16.9 12:48 12.9 05:19 6.9 0.0 0.3 0.0 5.2 15:08 45 17 14.7 17.3 12:53 12.5 05:54 6.5 0.0 5.7 0.0 6.0 11:53 45 18 16.2 21.0 16:19 14.5 05:34 3.9 0.0 0.0 0.0 4.7 10:43 45 19 17.1 24.8 13:29 12.5 06:10 2.3 0.0 1.2 0.3 8.0 22:11 45 20 18.8 25.7 15:37 14.7 06:33 0.0 0.8 4.8 1.1 11.9 05:19 45 21 17.0 25.1 14:59 14.3 21:32 2.4 0.0 9.0 0.7 12.6 13:25 45 22 16.8 24.0 13:17 12.6 06:08 2.7 0.0 1.2 1.2 9.9 14:37 45 23 14.5 19.8 11:59 10.3 06:19 6.9 0.0 0.0 0.2 6.0 22:42 45 24 13.1 21.6 14:38 8.6 22:59 9.5 0.0 0.3 0.1 7.2 17:14 45 25 12.2 14.4 16:20 8.0 02:34 11.1 0.0 42.9 1.7 14.6 15:46 38 26 13.4 17.2 13:13 10.9 22:53 8.8 0.0 5.4 0.1 8.6 00:19 270 27 12.5 15.5 15:43 10.6 05:05 10.5 0.0 12.6 0.5 8.6 19:37 270 28 12.9 19.3 16:19 9.7 05:55 9.8 0.0 1.8 0.8 11.9 02:08 106 29 12.2 20.2 12:45 6.2 06:07 11.0 0.0 0.0 0.6 10.5 10:09 299 30 13.1 20.2 14:57 5.8 05:38 9.4 0.0 0.0 0.1 7.2 09:52 270 31 13.0 21.1 10:46 7.3 07:55 9.5 0.0 0.0 0.1 6.0 17:46 270


    15.7   30.3     12    5.8     30  155.7    9.9  204.6    0.4   14.6     25     43
  
weather/noaa/noaa-2020-08.txt · Last modified: 2022/07/01 16:16 (external edit)