User Tools

Site Tools


weather:noaa:noaa-2020-07
                   MONTHLY CLIMATOLOGICAL SUMMARY for Jul 2020


NAME: Scottish Gliding Centre                  
ELEV: 358 feet    LAT: 56-11.34 N    LONG: 003-19.30 W


                   TEMPERATURE (C), RAIN (mm), WIND SPEED (knots)

                                         HEAT   COOL         AVG
      MEAN                               DEG    DEG          WIND                   DOM
DAY   TEMP   HIGH   TIME    LOW   TIME   DAYS   DAYS   RAIN  SPEED   HIGH   TIME    DIR
---------------------------------------------------------------------------------------
 01   12.1   13.8  00:18   10.3  23:58    6.3    0.0    2.4    4.2   15.2  12:04     93
 02   13.1   18.5  16:46    9.3  03:30    5.2    0.0    0.0    4.1   17.1  22:40    206
 03   11.4   14.8  13:51    8.4  05:52    7.0    0.0    9.3    6.0   18.5  20:10    248
 04   12.2   15.4  14:21    8.1  02:45    6.2    0.0    7.2    4.8   16.5  13:48    249
 05   13.1   15.4  00:25   10.7  23:49    5.2    0.0    7.5   13.6   35.0  12:00    254
 06   13.1   17.6  15:19    9.9  04:09    5.2    0.0    0.0   10.6   23.7  18:10    285
 07   12.5   17.9  19:04    9.9  03:26    5.8    0.0    1.8    7.1   17.1  03:36    264
 08   12.0   15.6  13:18    9.8  04:36    6.3    0.0    1.2    4.8   12.6  16:27    103
 09   13.5   19.2  11:58   10.5  23:52    4.8    0.0    5.4    2.3   13.2  15:24     97
 10   13.1   17.7  15:07    9.7  00:48    5.2    0.0    0.6    6.3   21.2  18:00    291
 11   13.5   17.7  18:03    8.8  04:52    4.9    0.0    0.0    8.2   21.2  14:01    268
 12   14.7   20.1  15:36    9.3  04:46    3.6    0.0    0.0    7.6   17.9  13:59    247
 13   15.5   19.1  16:02   11.5  23:51    2.9    0.0    2.4    9.5   25.1  17:36    249
 14   14.0   18.0  13:51   10.5  04:52    4.3    0.0    0.0    8.5   21.8  12:44    259
 15   15.0   18.9  15:52   12.5  05:06    3.3    0.0    0.0    8.4   21.8  17:18    260
 16   16.5   20.4  14:27   12.8  06:00    1.8    0.0    0.0   10.5   26.4  19:38    259
 17   15.7   17.0  17:29   12.5  23:57    2.6    0.0    0.0    9.9   27.0  02:00    247
 18   14.1   17.8  16:21   11.1  23:56    4.2    0.0    0.0    9.0   23.1  16:41    256
 19   12.8   16.6  14:28    8.9  04:47    5.5    0.0    0.0    8.8   25.1  18:37    262
 20   13.0   17.4  14:03    9.4  02:45    5.3    0.0    1.5    7.9   23.1  12:23    278
 21   14.3   19.3  16:54    8.5  05:29    4.0    0.0    0.0    5.3   16.5  17:25    266
 22   13.2   15.6  19:11   11.0  06:57    5.1    0.0    7.2    3.1   10.5  22:29    238
 23   16.3   20.6  16:15   12.7  23:34    2.1    0.0    1.5    5.8   20.4  17:02    271
 24   15.0   19.0  14:26   12.4  01:27    3.3    0.0    2.1    3.8   11.9  11:17    266
 25   15.7   18.6  17:14   13.2  01:00    2.6    0.0    3.6    8.7   24.5  17:15    247
 26   14.7   17.7  14:17   12.3  05:11    3.7    0.0    0.0    8.6   27.0  15:24    250
 27   12.3   14.7  11:53    9.6  02:23    6.0    0.0   14.7    6.7   25.9  19:01    291
 28   13.4   16.2  15:35   11.1  04:21    4.9    0.0    0.3   14.9   34.4  15:53    272
 29   13.6   17.4  16:24   10.7  03:45    4.7    0.0    0.0    9.9   27.8  01:48    260
 30   12.3   15.1  19:00    8.7  02:48    6.0    0.0    3.0    3.0   11.9  10:03    106
 31   21.5   27.6  18:10   13.8  07:13    0.0    3.1    3.6    5.0   17.9  18:36    128
---------------------------------------------------------------------------------------
      13.9   27.6     31    8.1     04  138.1    3.1   75.3    7.4   35.0     05    259
    
weather/noaa/noaa-2020-07.txt · Last modified: 2021/02/15 14:20 (external edit)