User Tools

Site Tools


weather:noaa:noaa-2020-06
                   MONTHLY CLIMATOLOGICAL SUMMARY for Jun 2020


NAME: Scottish Gliding Centre                  
ELEV: 358 feet    LAT: 56-11.34 N    LONG: 003-19.30 W


                   TEMPERATURE (C), RAIN (mm), WIND SPEED (knots)

                                         HEAT   COOL         AVG
      MEAN                               DEG    DEG          WIND                   DOM
DAY   TEMP   HIGH   TIME    LOW   TIME   DAYS   DAYS   RAIN  SPEED   HIGH   TIME    DIR
---------------------------------------------------------------------------------------
 01   16.9   22.4  13:06    8.1  02:16    1.4    0.0    0.0    4.3   13.2  17:08    123
 02   15.3   21.9  13:26    9.2  02:45    3.1    0.0    3.3    4.1   15.2  23:34     15
 03   11.2   15.3  13:53    8.7  05:51    7.1    0.0    1.2    6.6   23.7  14:29     14
 04    9.8   14.7  15:40    7.2  22:51    8.5    0.0    3.9    3.4   15.9  18:49     71
 05    9.0   12.7  15:43    6.1  02:05    9.4    0.0    3.3   13.1   33.0  15:22    310
 06   12.1   17.1  14:55    7.8  04:02    6.3    0.0    4.2    7.7   30.3  10:08     16
 07   11.5   15.0  14:28    8.1  23:54    6.8    0.0    0.0    9.0   25.9  00:51    359
 08   10.0   14.5  16:45    6.7  04:34    8.3    0.0    0.0    4.3   11.9  13:10    108
 09   11.4   16.6  13:46    8.3  05:01    6.9    0.0    1.8    4.6   15.9  17:48    260
 10   10.5   11.8  16:56    8.6  03:29    7.9    0.0    5.7    7.3   22.5  21:02     93
 11   12.3   15.9  15:37    9.3  03:01    6.0    0.0    0.0   10.8   28.4  23:35     66
 12   14.8   19.9  12:05   11.6  22:54    3.5    0.0    0.6   14.4   31.7  00:27     52
 13
 14   16.0   19.1  12:55   13.1  21:39    2.3    0.0    0.0    3.5   10.5  21:47     94
 15   15.2   16.4  16:25   12.9  20:47    3.1    0.0    0.9    3.1    8.6  19:41    108
 16   15.7   18.7  15:33   12.9  23:02    2.6    0.0    0.0    3.8    9.3  17:21    138
 17   17.2   22.1  15:39   11.2  23:36    1.1    0.0    0.0    5.2   12.6  17:23    118
 18   14.7   17.4  15:57   12.3  22:55    3.6    0.0    0.0    6.5   15.9  16:18    100
 19   14.3   20.5  14:24   11.2  03:22    4.1    0.0    0.9    5.5   17.1  01:57     92
 20   16.9   20.8  14:59   12.8  00:00    1.5    0.0    0.0    6.1   18.5  17:23    203
 21   14.2   17.4  11:21   11.4  23:59    4.1    0.0    8.1    8.1   37.7  15:17    227
 22   13.3   16.3  17:08    7.9  05:06    5.0    0.0    1.5    7.2   23.7  15:50    191
 23   15.8   18.6  14:02   14.2  02:37    2.5    0.0    3.3    5.3   21.2  00:02    202
 24   18.6   24.4  15:35   10.9  05:00    0.0    0.3    0.0    3.8   13.8  14:22    271
 25   18.8   24.6  15:34   12.5  04:02    0.0    0.4    0.0    5.3   18.5  18:57     95
 26   16.8   21.5  17:57   12.2  02:56    1.6    0.0    4.2    3.7   12.6  09:42     86
 27   15.6   18.7  12:40   12.7  23:41    2.7    0.0   10.2    5.1   21.8  20:29    146
 28   12.5   14.6  15:56   10.9  05:52    5.8    0.0    1.8   12.1   31.1  17:35    220
 29   13.2   14.9  14:05   11.7  01:00    5.1    0.0    2.4   14.4   33.6  12:54    241
 30   15.0   18.2  16:32   11.8  04:36    3.4    0.0    0.3    7.7   21.8  00:52    266
---------------------------------------------------------------------------------------
      13.8   24.6     25    6.1     05  123.9    0.7   57.6    7.1   37.7     21    137
    
weather/noaa/noaa-2020-06.txt · Last modified: 2021/02/15 14:20 (external edit)