User Tools

Site Tools


weather:noaa:noaa-2020-05
                   MONTHLY CLIMATOLOGICAL SUMMARY for May 2020


NAME: Scottish Gliding Centre                  
ELEV: 358 feet    LAT: 56-11.34 N    LONG: 003-19.30 W


                   TEMPERATURE (C), RAIN (mm), WIND SPEED (knots)

                                         HEAT   COOL         AVG
      MEAN                               DEG    DEG          WIND                   DOM
DAY   TEMP   HIGH   TIME    LOW   TIME   DAYS   DAYS   RAIN  SPEED   HIGH   TIME    DIR
---------------------------------------------------------------------------------------
 01   11.0   16.4  15:30    5.5  00:13    7.3    0.0    3.6    5.4   19.8  16:23    298
 02   10.0   15.9  14:40    4.9  05:09    8.3    0.0    0.0    6.5   19.8  09:28    339
 03    9.7   13.9  14:59    6.6  03:38    8.6    0.0    0.0    5.5   14.6  13:40    102
 04    8.7   12.3  13:48    5.1  22:14    9.6    0.0    2.7    6.7   15.9  01:41     90
 05    8.7   13.7  13:21    2.5  04:49    9.6    0.0    0.0    3.4   11.3  13:06    115
 06   11.8   18.4  15:56    2.0  03:17    6.5    0.0    0.0    3.2   10.5  17:37    122
 07   11.4   17.8  17:33    1.4  05:35    6.9    0.0    0.0    4.7   19.8  12:25    270
 08   14.0   18.2  13:55    8.7  23:58    4.4    0.0    0.0    6.2   19.2  17:06    270
 09   14.3   19.4  16:39    7.0  01:18    4.1    0.0    2.1    7.2   18.5  22:17    308
 10    6.0    9.2  16:42    2.0  23:59   12.3    0.0    1.5   11.0   27.0  07:15     36
 11    6.2   11.8  14:27   -0.6  05:27   12.1    0.0    0.0    8.1   20.4  19:41    327
 12    7.5   13.3  13:51    2.9  23:58   10.8    0.0    0.6    9.0   29.7  16:43    326
 13    5.2   11.7  14:58   -0.9  03:53   13.1    0.0    0.0    5.5   17.9  08:35      5
 14    8.5   14.5  15:53    0.9  04:01    9.8    0.0    0.0    7.7   23.1  17:15    286
 15    9.9   14.7  17:19    4.6  05:07    8.4    0.0    0.6    8.0   21.8  18:02    286
 16   10.9   14.6  17:17    7.7  05:30    7.4    0.0    0.0   10.7   27.0  13:05    263
 17   11.3   13.2  18:06    9.5  03:52    7.0    0.0    0.0   12.2   28.4  15:39    246
 18   13.8   15.5  17:40   11.8  23:35    4.5    0.0    0.3   10.1   26.4  14:14    247
 19   14.9   17.1  13:35   11.7  02:00    3.5    0.0    0.0    8.1   22.5  17:31    253
 20   19.5   23.1  16:25   12.7  00:15    0.0    1.1    0.0    4.5   15.2  22:41    198
 21   13.2   18.4  16:32    6.2  02:52    5.1    0.0    0.0    4.4   19.8  13:29    256
 22   13.0   15.0  14:37   11.2  22:08    5.3    0.0    4.8   15.8   44.3  15:51    216
 23   10.4   12.4  17:01    8.4  07:05    8.0    0.0    3.6   21.6   46.8  11:17    239
 24   12.7   16.1  16:06    9.3  01:34    5.7    0.0    0.0   12.3   29.7  15:14    261
 25   13.9   18.3  12:45    6.5  03:09    4.5    0.0    0.0    7.1   24.5  15:00    229
 26   14.4   18.9  16:33   10.2  23:46    3.9    0.0    0.0    8.3   19.2  12:15    255
 27   12.3   18.7  12:57    6.1  01:49    6.1    0.0    0.0    5.0   15.9  09:09     71
 28   17.4   25.2  16:12   10.1  03:00    1.0    0.0    0.0    3.9   16.5  12:32    264
 29   19.4   25.9  13:10   10.0  04:17    0.0    1.1    0.0    4.0   14.6  17:44    112
 30   14.9   19.6  10:20    9.8  04:59    3.4    0.0    0.0    7.6   22.5  15:28     88
 31   15.3   20.0  15:11    9.9  01:54    3.0    0.0    0.0    6.8   17.1  17:34     96
---------------------------------------------------------------------------------------
      11.7   25.9     29   -0.9     13  200.4    2.3   19.8    7.9   46.8     23    262
    
weather/noaa/noaa-2020-05.txt · Last modified: 2021/02/15 14:20 (external edit)