User Tools

Site Tools


weather:noaa:noaa-2020-05
                 MONTHLY CLIMATOLOGICAL SUMMARY for May 2020

NAME: Auchtermuchty TEST, Fife, Scotland ELEV: 48 meters LAT: 56-18.00 N LONG: 003-13.89 W

                 TEMPERATURE (C), RAIN (mm), WIND SPEED (knots)
                                       HEAT   COOL         AVG
    MEAN                               DEG    DEG          WIND                   DOM

DAY TEMP HIGH TIME LOW TIME DAYS DAYS RAIN SPEED HIGH TIME DIR


01 10.4 20.4 13:08 5.2 03:53 14.3 0.0 6.3 0.2 7.2 13:54 128 02 11.2 20.1 15:32 4.3 03:50 12.9 0.0 0.3 0.6 9.3 10:42 242 03 10.5 16.6 13:37 4.8 05:50 14.1 0.0 0.0 0.4 6.6 13:30 47 04 9.8 17.2 15:48 4.0 23:36 15.4 0.0 3.3 0.5 7.2 11:30 181 05 9.6 18.9 13:48 0.0 05:35 15.7 0.0 0.0 0.3 5.2 15:37 330 06 12.1 24.0 14:43 0.4 04:34 11.2 0.0 0.0 0.3 6.6 17:23 39 07 12.7 22.7 16:51 0.7 05:07 10.1 0.0 0.0 0.7 8.0 14:08 79 08 15.2 23.9 12:57 7.3 00:00 5.6 0.0 0.0 0.8 8.0 16:32 162 09 13.6 23.4 11:27 3.9 04:59 8.5 0.0 1.2 0.5 6.6 18:14 68 10 7.1 11.8 15:38 1.3 23:53 20.3 0.0 1.5 1.5 12.6 08:40 137 11 7.9 16.6 14:20 -1.5 05:55 18.7 0.0 0.0 0.7 8.6 18:43 166 12 8.9 18.1 13:08 2.9 23:57 17.0 0.0 1.8 1.3 10.5 15:13 28 13 6.7 15.8 14:51 0.0 04:04 20.9 0.0 0.0 0.4 8.6 07:41 43 14 10.7 18.8 14:08 0.2 03:07 13.7 0.0 0.0 1.1 11.3 12:42 8 15 11.2 19.5 16:15 3.1 04:50 12.8 0.0 0.0 0.8 8.6 12:49 263 16 12.4 19.5 16:46 7.5 05:06 10.7 0.0 0.0 1.4 9.9 12:41 52 17 12.6 17.6 14:02 10.0 02:10 10.4 0.0 0.3 1.5 11.3 14:45 82 18 14.3 20.3 13:32 10.6 03:55 7.2 0.0 0.9 1.5 9.9 14:21 98 19 16.1 23.7 13:49 11.7 00:42 4.0 0.0 2.7 0.8 8.6 14:12 156 20 19.3 28.4 16:20 9.7 23:57 0.0 1.7 0.0 0.3 5.2 12:34 45 21 14.2 23.6 14:25 4.7 03:31 7.5 0.0 0.0 0.5 7.2 14:28 37 22 13.8 17.4 12:59 10.7 23:17 8.1 0.0 10.8 3.0 20.4 12:16 125 23 11.4 16.3 15:51 8.6 06:47 12.5 0.0 4.5 3.7 17.1 00:35 129 24 13.9 20.6 13:42 8.7 01:59 8.0 0.0 0.0 1.7 11.3 13:34 85 25 15.1 23.2 12:26 5.8 05:37 5.8 0.0 0.0 0.9 9.3 14:46 51 26 16.8 24.7 16:05 9.7 23:19 2.7 0.0 0.0 0.7 7.2 18:00 322 27 14.8 22.9 15:25 6.6 01:29 6.4 0.0 0.0 0.4 8.0 08:52 339 28 19.6 30.9 17:06 10.4 05:02 0.0 2.3 0.0 0.5 8.6 13:18 70 29 20.8 31.3 13:26 8.7 05:00 0.0 4.4 0.0 0.3 9.3 15:47 83 30 17.5 24.5 11:31 9.7 23:57 1.4 0.0 0.0 0.6 9.3 11:58 129 31 16.4 24.0 15:13 8.7 03:50 3.5 0.0 0.0 0.6 8.6 13:11 51


    13.1   31.3     29   -1.5     11  299.5    8.5   33.6    0.9   20.4     22     89
  
weather/noaa/noaa-2020-05.txt · Last modified: 2022/07/01 16:16 (external edit)