User Tools

Site Tools


weather:noaa:noaa-2020-03
                   MONTHLY CLIMATOLOGICAL SUMMARY for Mar 2020


NAME: Scottish Gliding Centre                  
ELEV: 358 feet    LAT: 56-11.34 N    LONG: 003-19.30 W


                   TEMPERATURE (C), RAIN (mm), WIND SPEED (knots)

                                         HEAT   COOL         AVG
      MEAN                               DEG    DEG          WIND                   DOM
DAY   TEMP   HIGH   TIME    LOW   TIME   DAYS   DAYS   RAIN  SPEED   HIGH   TIME    DIR
---------------------------------------------------------------------------------------
 01
 02    4.9    6.7  12:38    3.3  22:14   13.5    0.0    0.0   12.9   25.1  17:35    227
 03  -33.9  -33.9  17:45  -33.9  17:45   52.2    0.0    0.0    9.0   17.9  12:25    230
 04    3.0   14.7  13:48   -8.1  20:26   15.3    0.0    0.0    3.3   10.5  13:36    313
 05   -2.2   14.3  15:56  -33.9  10:14   20.5    0.0    0.0    3.3   11.3  12:37    286
 06    6.9   14.7  10:22   -8.1  08:59   11.4    0.0    0.0    4.8   17.1  16:19    293
 07    9.1   14.7  15:08    2.2  01:23    9.2    0.0    2.1    9.6   39.1  21:36    230
 08    4.7   14.7  00:12    2.2  04:11   13.6    0.0    2.1   13.9   39.1  00:37    262
 09    2.6    7.6  00:00    2.2  10:32   15.8    0.0    4.2   11.3   29.7  19:42    240
 10    4.0   14.7  03:21    2.2  04:28   14.3    0.0    2.1   14.5   33.6  04:06    299
 11    2.3    2.5  00:00    2.2  00:17   16.0    0.0    4.2   13.7   36.3  14:14    263
 12    1.4    6.8  23:05   -2.5  05:10   16.9    0.0    4.5   12.0   34.4  05:49    263
 13    2.3    2.5  00:02    2.2  00:04   16.0    0.0    0.3    8.2   26.4  02:09     54
 14    2.4   12.1  22:51    2.2  00:07   15.9    0.0    3.9    8.1   26.4  16:19    204
 15    2.3    8.3  11:40   -1.5  01:08   16.0    0.0    0.0   12.4   34.4  09:27    272
 16    2.4   11.9  23:52    2.2  00:00   15.9    0.0    2.1   11.4   33.6  19:41    252
 17    2.3    7.7  00:07  -16.4  16:11   16.0    0.0    3.3   13.0   31.7  10:24    270
 18   -0.5    6.7  12:56   -5.8  09:55   18.9    0.0    1.8   10.1   27.0  11:19    293
 19    1.7    7.6  16:04   -2.5  00:01   16.6    0.0    0.0    5.2   15.9  02:39    344
 20    2.3    2.5  00:00    2.2  00:01   16.0    0.0    0.0    5.3   16.5  15:22    106
 21    2.3    2.5  00:13    2.2  00:00   16.0    0.0    0.0    6.6   17.9  16:32    155
 22    2.3    2.5  00:02   -1.2  05:54   16.0    0.0    0.0    2.9   12.6  00:00    168
 23    2.3    9.7  16:31    0.2  04:00   16.0    0.0    0.0    7.2   25.1  20:24    218
 24    4.9   12.1  11:43    2.2  00:03   13.4    0.0    0.0   11.9   32.5  14:40    230
 25    3.5   12.1  13:20    2.2  00:02   14.8    0.0    0.0    8.1   23.7  05:08    272
 26
 27    5.7    7.3  16:40    3.0  23:15   12.6    0.0    0.0    2.7    8.6  16:58     88
 28    5.0    8.3  11:17    2.1  02:45   13.4    0.0    0.0    8.4   27.0  11:39     17
 29    4.9    8.4  14:54    1.9  06:24   13.5    0.0    0.0    7.3   17.9  05:51    345
 30    7.1   11.6  14:43    2.8  01:55   11.2    0.0    1.5    5.4   19.2  14:07    339
 31    7.6   10.8  16:25    4.8  07:05   10.8    0.0    0.0    4.1   11.9  02:24    319
---------------------------------------------------------------------------------------
       3.4   14.7     04  -33.9     03  467.9    0.0   32.1    8.7   39.1     07    265
    
weather/noaa/noaa-2020-03.txt · Last modified: 2021/02/15 14:20 (external edit)