User Tools

Site Tools


weather:noaa:noaa-2020-02
                   MONTHLY CLIMATOLOGICAL SUMMARY for Feb 2020


NAME: Scottish Gliding Centre                  
ELEV: 358 feet    LAT: 56-11.34 N    LONG: 003-19.30 W


                   TEMPERATURE (C), RAIN (mm), WIND SPEED (knots)

                                         HEAT   COOL         AVG
      MEAN                               DEG    DEG          WIND                   DOM
DAY   TEMP   HIGH   TIME    LOW   TIME   DAYS   DAYS   RAIN  SPEED   HIGH   TIME    DIR
---------------------------------------------------------------------------------------
 01    6.9    9.0  14:30    2.5  00:00   11.5    0.0    2.1   13.4   44.9  05:30    239
 02    3.6    7.5  00:00    0.1  06:00   14.7    0.0    5.1    2.9   21.8  00:00    169
 03    5.1    8.1  01:30    2.4  22:00   13.3    0.0    2.7   16.9   35.0  15:00    253
 04    5.5    8.7  15:30    2.4  01:00   12.8    0.0    0.0    9.6   33.0  01:00    293
 05    5.2    7.6  13:30    2.2  01:30   13.2    0.0    0.0    6.8   22.5  16:00    272
 06    5.1    7.8  15:00   -0.5  00:00   13.2    0.0    0.0    5.2   19.2  11:30    256
 07    2.3    6.9  13:00   -2.9  07:00   16.0    0.0    0.6    3.8   14.6  14:30    114
 08    6.3    9.0  02:30    3.7  00:00   12.0    0.0   10.2   14.6   39.7  19:00    211
 09    5.9   10.0  09:30    2.8  04:30   12.5    0.0   17.4   15.3   55.6  14:30    247
 10    2.4    4.3  01:00    1.3  18:00   16.0    0.0    7.2   16.8   41.0  16:00    243
 11    2.6    3.7  22:30    1.1  11:58   15.7    0.0    7.5   16.6   35.0  13:58    256
 12    2.5    4.8  14:30   -1.1  00:00   15.8    0.0    0.6   10.3   39.7  05:00    266
 13    2.9    4.9  15:30   -1.1  01:00   15.4    0.0    6.6    8.0   25.1  12:30     60
 14    5.3    9.9  15:00    1.0  01:00   13.0    0.0    2.1   10.6   38.3  15:30    215
 15    6.3    9.6  13:00    2.4  04:30   12.0    0.0    6.9   10.8   39.1  21:00    202
 16    5.9    7.6  03:30    4.6  00:00   12.4    0.0    2.1   23.7   58.1  00:00    227
 17    5.5    7.7  14:30    4.5  02:00   12.9    0.0    6.0   29.5   57.5  01:30    228
 18    2.7    5.4  15:14    1.4  15:58   15.7    0.0    3.6   11.8   25.9  15:45    263
 19    5.2    9.2  23:28    2.1  06:04   13.1    0.0    1.5   10.5   32.5  20:56    235
 20    4.9    9.1  00:36    0.8  16:31   13.4    0.0    4.8   12.7   38.3  16:11    242
 21    6.8    9.2  14:26    4.5  01:46   11.5    0.0   11.1   23.8   50.2  06:29    227
 22
 23    4.8   10.3  15:07    0.7  23:46   13.5    0.0    0.0    7.4   25.1  13:26    270
 24    1.5    2.7  05:00    0.5  00:04   16.8    0.0    0.0    2.7   21.2  04:27     89
 25    2.1    7.2  15:22   -0.9  23:48   16.2    0.0    8.4    5.1   15.2  15:30    289
 26    3.0    9.3  13:08   -1.7  01:51   15.3    0.0    0.0    8.1   26.4  13:43    277
 27    3.1    9.3  14:14   -0.5  06:33   15.3    0.0    0.0    8.3   21.8  12:07    268
 28    3.1    5.2  09:59    0.9  13:13   15.2    0.0    6.6    8.1   25.1  03:18    187
 29    4.0    8.2  13:53    2.3  21:58   14.4    0.0    6.9   10.7   27.8  15:23    194
---------------------------------------------------------------------------------------
       4.4   10.3     23   -2.9     07  392.6    0.0  120.0   11.3   58.1     17    241
    
weather/noaa/noaa-2020-02.txt · Last modified: 2021/02/15 14:20 (external edit)