User Tools

Site Tools


weather:noaa:noaa-2019-11
                   MONTHLY CLIMATOLOGICAL SUMMARY for Nov 2019


NAME: Scottish Gliding Centre                  
ELEV: 358 feet    LAT: 56-11.34 N    LONG: 003-19.30 W


                   TEMPERATURE (C), RAIN (mm), WIND SPEED (knots)

                                         HEAT   COOL         AVG
      MEAN                               DEG    DEG          WIND                   DOM
DAY   TEMP   HIGH   TIME    LOW   TIME   DAYS   DAYS   RAIN  SPEED   HIGH   TIME    DIR
---------------------------------------------------------------------------------------
 01    7.9    9.8  00:00    6.3  01:30   10.4    0.0    8.4    4.3   10.5  13:30     85
 02   10.1   11.3  14:30    8.2  22:30    8.2    0.0    9.3    2.7   17.9  00:00     74
 03    9.4   10.1  12:30    8.5  02:00    8.9    0.0    3.0   10.4   25.9  06:30     41
 04    8.6    9.5  01:30    7.5  00:00    9.7    0.0   25.5   11.3   30.3  15:00     51
 05    7.3   10.0  14:30    4.8  00:00   11.0    0.0    0.9    7.0   23.1  00:30     13
 06    5.2    8.3  12:30    2.8  08:00   13.1    0.0    1.8    3.7   11.9  00:00     66
 07    5.6    7.2  13:30    4.4  23:30   12.7    0.0   11.1   12.2   31.7  00:00     50
 08    3.6    7.4  14:30    0.6  00:00   14.8    0.0    0.0    7.7   29.2  01:00    353
 09    3.4    7.6  12:30   -0.0  01:30   14.9    0.0    0.3    4.8   21.8  13:30     56
 10    2.9    4.8  14:30    0.7  02:00   15.4    0.0    3.3    5.0   16.5  05:00    332
 11    4.5    5.7  11:00    3.3  23:00   13.8    0.0    3.0    6.4   20.4  09:00    265
 12    4.8    7.9  12:00    2.1  00:00   13.5    0.0    0.6    8.4   25.9  12:30    332
 13    0.8    3.1  00:00   -2.7  08:00   17.5    0.0    0.0    3.1   18.5  22:00     29
 14    2.6    6.2  13:30    0.4  06:30   15.7    0.0    0.0    7.2   16.5  12:00    341
 15    5.7    7.5  12:00    2.3  00:30   12.6    0.0    0.3   11.1   26.4  03:30      9
 16    4.9    6.3  15:00    3.1  04:00   13.4    0.0    0.3    6.6   17.9  05:30    318
 17    3.3    7.0  14:30   -0.4  07:30   15.0    0.0    0.0    4.1   11.3  17:00    316
 18    1.1    5.7  14:30   -3.6  22:00   17.2    0.0    0.0    3.4    9.3  08:30    300
 19   -0.4    3.4  23:30   -4.4  04:30   18.8    0.0    2.4    1.6    9.3  14:30     97
 20    4.3    5.7  14:30    2.5  04:30   14.1    0.0    0.3    4.4   15.2  18:00    108
 21    5.6    7.9  13:00    3.6  04:30   12.7    0.0    0.6    6.6   23.7  01:30    117
 22    6.1    7.4  13:00    4.8  02:00   12.3    0.0    3.3    5.0   15.9  15:00     86
 23    8.3    9.0  11:00    5.7  00:30   10.0    0.0    6.6    9.0   23.7  19:00     83
 24    8.4    9.3  12:30    7.1  23:30    9.9    0.0    2.4    3.2    9.3  10:00     93
 25    7.6    8.9  14:00    5.2  08:00   10.8    0.0    2.1    3.8   13.8  12:30     91
 26    8.9    9.4  12:00    8.4  19:30    9.4    0.0    9.0    5.9   16.5  12:30     92
 27    7.7    9.0  17:30    5.4  08:00   10.6    0.0    0.3    4.0   21.2  22:00    359
 28    5.8    9.2  02:00    1.6  22:30   12.5    0.0    0.3    8.8   27.8  05:30      8
 29    1.6    4.9  14:00   -2.1  23:00   16.7    0.0    0.0    4.4   13.8  06:30    325
 30   -1.1    4.1  15:00   -3.6  08:30   19.4    0.0    0.3    1.3    5.2  11:00    336
---------------------------------------------------------------------------------------
       5.2   11.3     02   -4.4     19  395.3    0.0   95.4    5.9   31.7     08     32
    
weather/noaa/noaa-2019-11.txt · Last modified: 2021/02/15 14:20 (external edit)