User Tools

Site Tools


weather:noaa:noaa-2019-08
                   MONTHLY CLIMATOLOGICAL SUMMARY for Aug 2019


NAME: Scottish Gliding Centre                  
ELEV: 358 feet    LAT: 56-11.34 N    LONG: 003-19.30 W


                   TEMPERATURE (C), RAIN (mm), WIND SPEED (knots)

                                         HEAT   COOL         AVG
      MEAN                               DEG    DEG          WIND                   DOM
DAY   TEMP   HIGH   TIME    LOW   TIME   DAYS   DAYS   RAIN  SPEED   HIGH   TIME    DIR
---------------------------------------------------------------------------------------
 01   16.6   19.7  15:00   14.6  03:30    1.7    0.0    0.6    3.2   11.9  16:00    136
 02   16.6   19.6  13:30   13.7  00:00    1.7    0.0    0.0    2.1    9.9  15:00    126
 03   15.8   21.0  15:00   10.3  05:00    2.6    0.0    0.0    3.4   11.9  16:00    104
 04   16.9   21.9  14:00   14.7  00:30    1.5    0.0    5.4    4.1   13.8  16:30     95
 05   16.5   19.5  17:00   13.3  06:30    1.9    0.0    4.2    6.2   21.8  14:30    225
 06   15.4   17.8  11:00   13.4  00:00    3.0    0.0    9.3    2.8   13.8  13:30    210
 07   14.8   19.1  13:00   13.1  03:30    3.5    0.0   11.7    6.2   21.2  08:00    270
 08   16.0   22.0  14:00   12.9  05:00    2.4    0.0    0.0    4.8   13.2  00:00     21
 09   14.9   18.1  18:30   13.5  00:30    3.4    0.0   33.0    8.6   25.9  09:30     85
 10   16.9   23.6  15:30   13.2  06:00    1.5    0.0   14.1    2.7   10.5  17:00    314
 11   13.4   15.9  01:00   10.3  00:00    4.9    0.0   10.5    4.7   17.9  10:30    337
 12   12.5   16.5  14:30    8.5  07:30    5.9    0.0    0.6    4.5   18.5  17:00    274
 13   12.3   16.5  16:30    8.0  05:30    6.0    0.0    0.3    6.4   23.1  14:00    281
 14   12.8   17.1  17:00    7.0  03:00    5.5    0.0    0.9    3.2   11.3  15:00    118
 15   15.2   17.6  15:00   13.5  06:30    3.1    0.0    0.3    9.0   25.9  13:00    272
 16   16.1   20.3  18:00   13.3  00:30    2.2    0.0   12.9    5.8   28.4  13:00    198
 17   14.3   17.3  17:00   11.6  22:00    4.0    0.0    2.4   10.7   31.1  16:30    231
 18   13.5   15.9  17:00   11.8  04:00    4.8    0.0    0.6    9.7   31.1  12:30    232
 19   14.1   16.1  18:00   12.0  00:30    4.2    0.0    0.3   10.2   28.4  12:30    253
 20   13.9   16.9  13:30   10.3  00:00    4.5    0.0    1.8    5.1   18.5  18:00    266
 21   13.9   18.2  14:00    8.6  01:00    4.5    0.0    5.1    5.9   22.5  14:00    208
 22   14.8   18.1  13:30   11.0  04:30    3.5    0.0    4.5    9.7   28.4  17:30    231
 23   17.3   19.9  17:30   14.7  00:00    1.0    0.0    0.0   10.2   30.3  03:30    237
 24   17.8   24.2  17:00   12.8  06:30    0.5    0.0    0.0    2.7   13.2  13:00    179
 25   18.6   26.1  14:00   10.9  07:00    0.0    0.3    0.0    2.6   12.6  18:30    117
 26   17.3   22.5  16:00   14.0  03:30    1.1    0.0    0.0    5.2   16.5  11:00    257
 27   15.3   22.4  15:30    9.1  07:00    3.0    0.0    0.3    2.0    8.6  17:00    153
 28   15.4   18.9  14:00   11.9  00:00    2.9    0.0    0.0    6.5   29.2  16:30    232
 29   13.9   16.7  18:00    8.4  02:00    4.4    0.0    6.0    8.8   25.9  20:30    213
 30   15.4   18.0  15:00   13.6  02:30    2.9    0.0   14.7    9.5   31.7  12:00    223
 31   14.3   16.3  11:30   11.3  00:00    4.0    0.0    7.2    9.8   34.4  14:30    237
---------------------------------------------------------------------------------------
      15.2   26.1     25    7.0     14   96.2    0.3  146.7    6.0   34.4     31    232
    
weather/noaa/noaa-2019-08.txt · Last modified: 2021/02/15 14:20 (external edit)