User Tools

Site Tools


weather:noaa:noaa-2019-07
                   MONTHLY CLIMATOLOGICAL SUMMARY for Jul 2019


NAME: Scottish Gliding Centre                  
ELEV: 358 feet    LAT: 56-11.34 N    LONG: 003-19.30 W


                   TEMPERATURE (C), RAIN (mm), WIND SPEED (knots)

                                         HEAT   COOL         AVG
      MEAN                               DEG    DEG          WIND                   DOM
DAY   TEMP   HIGH   TIME    LOW   TIME   DAYS   DAYS   RAIN  SPEED   HIGH   TIME    DIR
---------------------------------------------------------------------------------------
 01   14.8   17.8  12:00   12.4  00:00    3.5    0.0    0.0   13.2   27.8  01:30    272
 02   14.1   18.0  17:00    9.6  00:00    4.2    0.0    0.0    9.9   24.5  15:30    295
 03   13.7   19.3  16:30    6.6  05:30    4.7    0.0    0.0    7.0   19.2  16:00    266
 04   13.2   15.2  11:30   10.5  05:00    5.1    0.0    0.9    9.5   25.1  22:30    268
 05   15.1   18.0  11:00   12.9  04:30    3.2    0.0    0.3    9.9   24.5  18:30    261
 06   13.4   17.6  17:30    9.5  05:00    4.9    0.0    0.0    5.9   19.2  10:30    322
 07   12.9   17.2  18:30    9.5  23:30    5.5    0.0    0.0    3.8   19.2  12:30    349
 08   12.8   18.6  14:00    7.1  04:00    5.5    0.0    0.0    2.9   11.9  14:30    123
 09   14.1   16.1  19:30   12.1  05:30    4.2    0.0   11.1    3.5   15.2  16:00    258
 10   17.1   19.4  16:00   14.5  04:30    1.3    0.0    9.3    5.5   16.5  10:00    270
 11   17.6   21.7  16:30   14.7  00:00    0.7    0.0    1.8    5.2   19.2  18:00    263
 12   16.6   22.4  15:30   13.2  04:30    1.7    0.0    7.8    5.1   12.6  02:30    314
 13   16.4   21.3  15:00   13.4  04:00    1.9    0.0    3.9    2.7    9.9  20:30    139
 14   15.9   20.1  16:30   12.2  23:30    2.4    0.0    0.0    3.2   11.3  17:30    118
 15   16.9   21.6  17:30   11.2  05:00    1.4    0.0    0.0    2.4    8.6  15:30    122
 16   17.1   22.3  16:30   12.2  05:30    1.2    0.0    0.0    4.4   15.9  16:30    272
 17   15.8   18.2  10:30   14.0  02:00    2.5    0.0    3.0    4.5   17.9  10:30    202
 18   14.9   18.1  14:00   11.0  05:30    3.4    0.0    1.5   10.2   24.5  18:30    244
 19   15.6   19.7  14:30   13.0  01:30    2.8    0.0    7.2    5.2   15.9  03:00    196
 20   16.8   20.6  15:00   13.3  00:00    1.5    0.0    0.9    6.2   20.4  19:00    293
 21   15.8   18.6  15:30   13.1  00:30    2.5    0.0    1.8    6.5   21.8  16:00    226
 22   19.3   23.2  18:30   15.0  02:00    0.0    1.0    3.9   13.7   37.7  09:30    232
 23   20.4   25.8  20:00   16.8  01:30    0.0    2.1    0.0    5.0   17.1  14:00    204
 24   20.1   22.6  13:00   16.3  00:00    0.0    1.7   10.5    6.3   19.8  11:30    183
 25   20.5   26.2  16:00   13.9  05:30    0.0    2.1    0.0    4.7   17.9  15:00    112
 26   19.6   24.7  13:00   15.2  05:30    0.0    1.3    0.0    3.7   16.5  15:30    221
 27   16.7   19.1  16:30   15.5  12:30    1.7    0.0   13.8    4.6   13.2  16:00     22
 28   17.4   19.7  16:30   16.2  06:00    0.9    0.0    0.3    7.0   15.2  02:00     74
 29   17.3   20.4  16:30   15.8  00:00    1.0    0.0    0.0    3.7   11.3  19:00    104
 30   17.4   23.2  11:30   12.5  03:30    0.9    0.0    0.0    3.5   13.2  22:00     82
 31   18.1   21.6  14:00   15.4  02:00    0.3    0.0    0.0    5.1   16.5  15:00     58
---------------------------------------------------------------------------------------
      16.4   26.2     25    6.6     03   69.0    8.2   78.0    5.9   37.7     22    253
    
weather/noaa/noaa-2019-07.txt · Last modified: 2021/02/15 14:20 (external edit)