User Tools

Site Tools


weather:noaa:noaa-2019-06
                   MONTHLY CLIMATOLOGICAL SUMMARY for Jun 2019


NAME: Scottish Gliding Centre                  
ELEV: 358 feet    LAT: 56-11.34 N    LONG: 003-19.30 W


                   TEMPERATURE (C), RAIN (mm), WIND SPEED (knots)

                                         HEAT   COOL         AVG
      MEAN                               DEG    DEG          WIND                   DOM
DAY   TEMP   HIGH   TIME    LOW   TIME   DAYS   DAYS   RAIN  SPEED   HIGH   TIME    DIR
---------------------------------------------------------------------------------------
 01   13.7   17.5  17:30   10.7  01:30    4.7    0.0    0.3    7.6   20.4  02:00    240
 02   14.6   18.5  16:30   12.1  04:30    3.7    0.0    6.6    7.2   23.7  13:00    181
 03   12.0   13.5  18:30   10.5  23:30    6.4    0.0    1.2   16.1   35.0  02:00    228
 04   12.2   16.1  13:00    9.6  06:00    6.2    0.0    0.9    4.8   17.1  01:00    163
 05   10.7   13.3  17:00    8.9  04:00    7.7    0.0    9.3    8.6   21.8  07:30     58
 06   13.0   16.9  16:00   10.1  00:00    5.3    0.0    0.3    5.9   22.5  16:00    196
 07   11.5   16.2  16:00    4.2  05:30    6.8    0.0    1.2    5.1   20.4  15:30     91
 08   12.1   14.6  17:30   10.6  01:00    6.2    0.0    2.4    6.2   19.8  05:30    347
 09   12.5   15.6  17:00   10.0  03:30    5.8    0.0    0.0    6.7   21.2  13:30    259
 10   12.0   16.5  11:00    7.0  05:30    6.3    0.0    0.0    4.9   14.6  16:00     70
 11   11.2   13.9  17:00    7.1  05:00    7.2    0.0    0.0    5.1   18.5  10:30     43
 12   10.9   12.3  12:30    8.8  01:30    7.4    0.0    0.0   12.1   32.5  22:30     17
 13    9.7   11.7  17:30    8.5  07:30    8.6    0.0    1.5    5.5   23.7  06:00     11
 14   11.1   14.7  17:00    7.3  05:30    7.2    0.0    0.9    4.0   15.9  08:30    175
 15   13.4   16.9  16:30   10.1  00:30    5.0    0.0    0.3    5.0   13.8  13:30    116
 16   12.0   14.4  16:30    7.2  04:30    6.4    0.0    2.4    4.1   20.4  10:00    206
 17   13.4   16.9  15:00   11.3  01:00    5.0    0.0    0.6    9.1   30.3  17:30    221
 18   13.4   16.1  15:30   10.9  05:30    4.9    0.0    0.0    8.7   27.0  10:00    235
 19   13.9   18.0  16:00    8.3  06:00    4.5    0.0    0.0    5.6   19.8  14:00    263
 20   12.2   15.3  16:30    9.4  23:30    6.1    0.0    0.9   10.0   27.0  13:00    251
 21   12.5   16.6  17:30    8.6  03:30    5.9    0.0    0.3    8.3   21.8  09:00    259
 22   13.7   19.8  15:30    6.5  02:30    4.6    0.0    0.0    3.0   11.3  10:30    154
 23   14.0   19.7  15:30    9.3  04:00    4.3    0.0    0.0    5.3   18.5  15:30     85
 24   13.0   14.7  20:00   12.0  09:00    5.4    0.0   12.0    6.5   21.2  10:00     78
 25   14.4   17.6  10:00   11.5  22:30    3.9    0.0    0.0    3.9   14.6  16:30    122
 26   13.4   18.9  17:00    9.9  00:00    4.9    0.0    0.0    3.3    9.9  09:00    147
 27   15.7   21.6  11:30    9.5  02:00    2.7    0.0    0.0    4.5   13.8  18:00    127
 28   14.8   19.5  13:30   10.0  03:30    3.5    0.0    0.0    4.4   13.8  17:00    100
 29   17.0   23.4  12:00   11.6  04:00    1.3    0.0    7.5    4.2   13.2  14:00    299
 30   15.3   17.3  17:00   12.5  00:00    3.0    0.0    3.0   13.4   33.6  19:00    250
---------------------------------------------------------------------------------------
      13.0   23.4     29    4.2     07  160.9    0.0   51.6    6.6   35.0     03    227
    
weather/noaa/noaa-2019-06.txt · Last modified: 2021/02/15 14:20 (external edit)