User Tools

Site Tools


weather:noaa:noaa-2019-05
                   MONTHLY CLIMATOLOGICAL SUMMARY for May 2019


NAME: Scottish Gliding Centre                  
ELEV: 358 feet    LAT: 56-11.34 N    LONG: 003-19.30 W


                   TEMPERATURE (C), RAIN (mm), WIND SPEED (knots)

                                         HEAT   COOL         AVG
      MEAN                               DEG    DEG          WIND                   DOM
DAY   TEMP   HIGH   TIME    LOW   TIME   DAYS   DAYS   RAIN  SPEED   HIGH   TIME    DIR
---------------------------------------------------------------------------------------
 01   11.6   14.2  16:00    9.8  06:00    6.8    0.0    0.0    4.1   14.6  17:30    271
 02    8.9   13.1  12:30    5.9  00:00    9.4    0.0    5.1    4.5   15.2  11:30     29
 03    6.3    9.9  15:00    3.7  00:00   12.1    0.0    0.3    7.3   31.1  20:00    356
 04    5.8   10.1  14:30    1.2  06:00   12.5    0.0    0.0    9.2   29.2  10:00    354
 05    7.2   10.4  15:30    2.7  03:30   11.1    0.0    0.0    6.9   20.4  14:30    309
 06    7.2    9.6  17:30    5.1  00:00   11.1    0.0    0.0    4.6   15.2  01:30     13
 07    6.5    9.5  15:30    3.4  06:00   11.8    0.0    0.6    5.3   17.1  17:00    102
 08    6.0    7.4  13:30    5.1  01:00   12.3    0.0   16.2    9.3   24.5  21:30     73
 09    7.1   11.0  15:00    5.0  06:00   11.3    0.0    2.1    8.2   21.8  04:30     52
 10    8.0   11.4  15:30    5.4  01:30   10.3    0.0    0.3    3.1   13.8  15:00    105
 11    8.7   14.0  16:30    4.2  05:00    9.6    0.0    0.3    5.1   15.2  09:00    332
 12    9.5   14.5  14:30    3.5  03:00    8.9    0.0    0.0    3.7   11.3  12:30    121
 13   12.8   19.3  17:30    6.0  02:00    5.6    0.0    0.0    4.7   19.2  12:30    271
 14   14.5   21.8  17:30    7.5  06:30    3.8    0.0    0.0    3.7   13.2  16:30    262
 15   15.3   21.5  13:30    8.6  06:00    3.0    0.0    0.0    3.9   13.2  21:30    108
 16   11.5   14.9  14:00    8.1  04:30    6.9    0.0    0.0    8.0   22.5  15:30     83
 17   11.7   16.8  13:30    8.2  05:00    6.6    0.0    0.0    7.9   25.9  00:00     62
 18   10.2   11.7  17:30    9.3  00:30    8.1    0.0    2.7    7.5   20.4  06:30     65
 19   11.9   15.2  15:30    9.8  01:30    6.5    0.0    0.3    3.6   10.5  12:30    218
 20   12.2   15.1  12:30    9.9  05:30    6.2    0.0    1.8    4.1   11.9  19:30    301
 21   11.2   14.5  18:00    7.6  00:00    7.1    0.0    9.6    3.8   19.2  15:30    325
 22   11.0   15.4  15:30    6.6  06:00    7.4    0.0    0.3    7.5   20.4  15:00    270
 23   11.5   14.9  17:00    7.4  05:00    6.8    0.0    0.0   11.6   31.1  16:00    256
 24   12.5   17.9  16:30    7.7  06:00    5.8    0.0    0.0    7.7   19.2  16:30    270
 25   10.1   12.6  22:30    5.5  03:30    8.2    0.0    2.4    4.3   13.8  13:30    261
 26   12.5   15.4  13:30   10.0  07:00    5.8    0.0    7.5   10.7   35.0  16:00    258
 27    9.9   13.2  12:00    7.3  23:30    8.4    0.0    0.9    5.4   22.5  04:30    296
 28    9.2   13.6  15:30    5.3  00:00    9.1    0.0    1.8    3.5   13.2  13:30     57
 29    8.5   12.5  10:30    4.0  03:00    9.8    0.0    3.6    2.4    9.9  10:30    154
 30   10.4   13.8  10:00    8.7  23:30    7.9    0.0    9.3    3.6   13.2  10:30    101
 31   12.2   16.1  18:00    8.8  00:30    6.2    0.0    5.1    6.0   27.0  22:30    213
---------------------------------------------------------------------------------------
      10.1   21.8     14    1.2     04  256.4    0.0   70.2    5.9   35.0     26    332
    
weather/noaa/noaa-2019-05.txt · Last modified: 2021/02/15 14:20 (external edit)