User Tools

Site Tools


weather:noaa:noaa-2019-04
                   MONTHLY CLIMATOLOGICAL SUMMARY for Apr 2019


NAME: Scottish Gliding Centre                  
ELEV: 358 feet    LAT: 56-11.34 N    LONG: 003-19.30 W


                   TEMPERATURE (C), RAIN (mm), WIND SPEED (knots)

                                         HEAT   COOL         AVG
      MEAN                               DEG    DEG          WIND                   DOM
DAY   TEMP   HIGH   TIME    LOW   TIME   DAYS   DAYS   RAIN  SPEED   HIGH   TIME    DIR
---------------------------------------------------------------------------------------
 01    5.1    8.4  12:30    2.9  03:30   13.2    0.0    1.2    4.2   19.2  21:30    180
 02    5.3    9.0  15:00    2.7  21:30   13.1    0.0    4.2    5.2   17.1  18:00    299
 03    4.5    6.3  14:30    2.9  08:00   13.9    0.0    3.9   12.6   31.7  06:30      8
 04    5.4    8.0  14:00    3.4  05:30   12.9    0.0    6.6    9.5   25.9  08:00     82
 05    7.6   11.2  14:00    5.5  00:00   10.7    0.0    0.0    9.2   21.2  10:30     89
 06    5.6    7.4  14:30    3.6  08:00   12.7    0.0    4.5    8.6   22.5  14:30     46
 07    6.6    7.0  18:30    5.9  00:00   11.8    0.0    0.6   12.0   25.1  15:00     75
 08    6.8    9.8  16:00    4.2  06:30   11.6    0.0    0.0    9.5   20.4  01:00     81
 09    6.7   10.1  15:00    1.7  00:00   11.7    0.0    0.0    6.5   17.1  12:30     92
 10    5.4   11.6  17:00    0.3  05:30   12.9    0.0    0.0    2.8   10.5  14:30    166
 11    6.2   13.6  16:30    0.4  02:00   12.1    0.0    0.0    3.0   11.3  15:00    273
 12    5.4   10.3  16:00    0.1  07:00   12.9    0.0    0.0    3.4   15.2  16:30    107
 13    4.8    8.7  15:00    0.6  06:30   13.5    0.0    0.0    6.3   21.2  11:00    119
 14    5.8    9.2  14:30    3.0  03:00   12.5    0.0    0.0    8.0   19.8  14:00    126
 15    6.6    9.9  14:00    3.0  06:30   11.8    0.0    0.0    8.8   23.7  14:00    121
 16    7.3    8.9  14:00    6.2  00:00   11.0    0.0    0.3    9.0   24.5  16:00     91
 17    7.8   11.5  14:00    5.3  23:00   10.5    0.0    0.0    7.1   23.1  16:00     90
 18    9.7   15.7  15:00    4.4  02:00    8.6    0.0    0.0    5.7   17.9  13:00     91
 19   12.0   20.8  16:30    4.2  07:00    6.3    0.0    0.0    2.7    9.9  15:30    131
 20   14.6   22.1  15:30    7.0  06:00    3.7    0.0    0.0    3.0   15.9  16:00    276
 21   15.2   21.7  15:30    8.2  06:00    3.2    0.0    0.0    4.3   21.2  18:30    194
 22   13.3   21.0  14:00    6.7  05:00    5.1    0.0    0.0    5.2   21.8  17:30    112
 23   10.3   13.5  11:00    7.3  02:00    8.0    0.0    0.0   10.3   25.9  14:30     80
 24    8.9   10.7  14:30    7.5  05:00    9.5    0.0    0.0   10.6   23.1  16:00     78
 25    9.9   14.9  12:00    8.2  00:30    8.4    0.0    1.8    5.1   19.8  15:30     99
 26    9.3   13.6  13:00    5.3  05:00    9.0    0.0    3.6    6.3   19.8  14:30    153
 27    9.2   13.2  14:00    7.0  04:00    9.1    0.0    9.0    3.7   15.2  00:30     82
 28   10.4   14.3  13:00    6.5  00:00    7.9    0.0    0.9    2.9   10.5  14:00    133
 29    8.8   13.6  16:30    3.7  03:00    9.5    0.0    0.0    3.5   13.2  14:30     92
 30   10.4   15.2  14:30    4.7  02:30    8.0    0.0    0.0    2.1    9.3  15:00    153
---------------------------------------------------------------------------------------
       8.2   22.1     20    0.1     12  305.0    0.0   36.6    6.4   31.7     03     93
    
weather/noaa/noaa-2019-04.txt · Last modified: 2021/02/15 14:20 (external edit)