User Tools

Site Tools


weather:noaa:noaa-2019-03
                   MONTHLY CLIMATOLOGICAL SUMMARY for Mar 2019


NAME: Scottish Gliding Centre                  
ELEV: 358 feet    LAT: 56-11.34 N    LONG: 003-19.30 W


                   TEMPERATURE (C), RAIN (mm), WIND SPEED (knots)

                                         HEAT   COOL         AVG
      MEAN                               DEG    DEG          WIND                   DOM
DAY   TEMP   HIGH   TIME    LOW   TIME   DAYS   DAYS   RAIN  SPEED   HIGH   TIME    DIR
---------------------------------------------------------------------------------------
 01    6.7    9.7  12:30    4.2  08:00   11.6    0.0    0.0    2.4    9.9  18:00    277
 02    7.6    9.9  12:30    5.7  02:30   10.7    0.0    4.5    9.3   49.0  18:00    213
 03    6.8    8.7  12:30    4.9  23:30   11.5    0.0    3.3   15.0   49.6  05:00    231
 04    5.8    9.4  15:00    3.3  23:30   12.5    0.0    0.9    8.9   26.4  13:00    274
 05    3.6    6.3  15:30   -0.5  00:00   14.8    0.0    0.9    2.4   13.2  01:30    140
 06    6.2    9.5  16:30    0.1  00:30   12.1    0.0   14.1    8.5   25.1  10:30     78
 07    5.8    8.0  13:30    1.9  00:00   12.5    0.0    5.1    9.2   29.2  13:00    344
 08    3.3    6.8  19:00   -1.7  06:00   15.0    0.0    2.7    6.3   27.8  00:00    240
 09    4.7    8.3  13:30    2.1  23:00   13.6    0.0    0.0   13.0   31.7  12:30    256
 10    2.2    4.5  16:00   -0.2  05:00   16.1    0.0    2.4   10.1   34.4  16:00    248
 11    5.1    7.9  12:30    2.4  02:00   13.2    0.0    1.5   10.6   27.8  11:00    238
 12    5.6    8.1  03:00    3.1  17:30   12.7    0.0   11.4   18.9   44.9  17:00    229
 13    7.3   10.1  14:30    5.5  01:00   11.0    0.0    1.8   18.1   40.2  10:00    291
 14    7.6    9.8  14:00    6.0  20:00   10.8    0.0    1.2   12.2   31.1  12:30    264
 15    5.9    7.4  05:30    3.8  23:00   12.5    0.0    0.3   15.2   45.7  12:30    252
 16    2.4    4.3  00:30    0.9  09:30   15.9    0.0   12.9    7.9   23.7  19:00    315
 17    4.8    7.8  14:30    2.6  04:30   13.6    0.0    0.0   11.8   26.4  12:30    293
 18    5.3    8.5  16:30    0.5  07:00   13.1    0.0    0.0    3.1   12.6  10:30    269
 19    7.8    9.8  18:00    1.7  00:30   10.6    0.0    0.0    9.3   26.4  19:00    246
 20   11.0   13.1  15:00    9.2  02:00    7.3    0.0    0.0   13.1   31.1  20:30    243
 21   11.4   13.2  13:30    9.7  00:00    6.9    0.0    0.0   11.2   29.7  07:30    231
 22    8.7   10.7  10:30    4.8  00:00    9.6    0.0    1.2   11.9   33.0  13:30    234
 23    6.3    9.7  13:30    3.6  06:30   12.1    0.0    0.0   10.4   24.5  11:00    251
 24    6.3   10.0  15:00    4.3  23:00   12.0    0.0    0.0   13.2   36.9  13:00    255
 25    7.4   10.1  16:30    4.6  05:30   11.0    0.0    0.0    8.3   22.5  06:00    304
 26    8.2   10.4  14:00    5.8  00:30   10.1    0.0    0.0    9.5   24.5  09:00    261
 27    9.3   11.7  16:00    7.8  22:30    9.0    0.0    0.0   10.1   25.1  12:30    251
 28    8.8   10.4  14:00    7.5  00:00    9.5    0.0    0.0   10.7   28.4  16:00    246
 29    8.7   10.9  12:00    6.4  06:30    9.6    0.0    0.0   10.2   31.1  11:30    256
 30    7.9   11.3  14:00    3.7  00:00   10.4    0.0    0.3    7.4   20.4  02:00    315
 31    5.1   10.7  15:30    0.7  03:00   13.3    0.0    0.0    3.6   11.3  16:00    115
---------------------------------------------------------------------------------------
       6.6   13.2     21   -1.7     08  364.7    0.0   64.5   10.1   49.6     03    256
    
weather/noaa/noaa-2019-03.txt · Last modified: 2021/02/15 14:20 (external edit)