User Tools

Site Tools


weather:noaa:noaa-2019-02
                   MONTHLY CLIMATOLOGICAL SUMMARY for Feb 2019


NAME: Scottish Gliding Centre                  
ELEV: 358 feet    LAT: 56-11.34 N    LONG: 003-19.30 W


                   TEMPERATURE (C), RAIN (mm), WIND SPEED (knots)

                                         HEAT   COOL         AVG
      MEAN                               DEG    DEG          WIND                   DOM
DAY   TEMP   HIGH   TIME    LOW   TIME   DAYS   DAYS   RAIN  SPEED   HIGH   TIME    DIR
---------------------------------------------------------------------------------------
 01   -0.2    3.6  15:00   -3.1  07:00   18.5    0.0    0.0    5.1   11.9  02:00    295
 02    0.3    3.4  16:00   -5.1  00:00   18.0    0.0    0.0    5.2   15.2  11:30    322
 03    1.4    4.5  18:00   -6.0  01:00   16.9    0.0    3.9    4.5   22.5  08:00    231
 04    4.8    8.0  05:30    0.5  23:30   13.6    0.0    3.3    8.4   33.0  05:30    266
 05    2.0    4.4  23:00   -0.6  07:00   16.4    0.0    4.8    2.7   13.8  18:30     83
 06    4.8    7.6  15:30    2.0  21:30   13.5    0.0    0.3    6.6   27.8  17:30    221
 07    4.4    7.0  15:00    2.8  07:00   13.9    0.0    0.9    5.9   25.1  21:00    240
 08    6.8   10.7  12:30    3.4  02:00   11.5    0.0    9.6   13.5   41.6  13:30    208
 09    5.9    8.8  13:00    3.4  00:00   12.4    0.0    0.6   13.9   40.2  16:00    256
 10    3.1    6.9  15:00    0.5  07:00   15.2    0.0    0.0    5.0   17.1  13:00    286
 11    4.2    7.0  12:30    0.5  08:30   14.2    0.0    0.0    4.4   15.9  01:00    290
 12    8.3   11.0  15:00    4.9  00:30   10.0    0.0    0.9   10.3   31.1  09:30    241
 13    9.3   10.3  14:30    6.6  03:00    9.0    0.0    0.6    8.8   33.0  00:00    219
 14    8.3   10.0  15:30    5.0  23:00   10.0    0.0    0.0    7.4   29.2  00:30    243
 15    8.0   12.2  15:30    3.1  06:30   10.3    0.0    0.0    6.9   28.4  19:30    235
 16    9.4   10.6  02:00    7.9  21:00    9.0    0.0    0.0    9.0   27.0  12:00    219
 17   10.0   11.3  11:30    8.5  19:00    8.3    0.0    0.0   10.3   29.7  11:00    201
 18    7.2    8.1  02:30    5.6  23:00   11.1    0.0    0.0   14.8   34.4  05:30    229
 19    6.2    7.6  13:30    4.5  04:30   12.2    0.0    2.7    5.9   19.8  12:30    242
 20    9.9   11.3  12:30    6.4  00:30    8.4    0.0    1.2   10.7   33.0  11:00    224
 21   10.7   12.9  14:30    8.3  00:00    7.6    0.0    0.0    6.5   25.9  15:30    235
 22   10.8   14.9  14:30    7.0  06:00    7.5    0.0    0.0    5.4   25.1  01:00    207
 23    9.7   14.6  14:30    5.4  07:00    8.6    0.0    0.3    4.4   30.3  15:00    207
 24    7.3   11.0  14:00    4.5  22:30   11.1    0.0    0.0    2.4    9.9  15:00    156
 25    8.1   14.5  16:00    4.3  23:00   10.3    0.0    0.0    1.9   10.5  01:00    295
 26    6.7   14.4  17:00    0.9  00:00   11.7    0.0    0.0    2.6   13.2  12:30    292
 27    6.8   13.2  14:30    0.8  02:00   11.6    0.0    0.0    4.3   16.5  14:00    284
 28    5.4    6.4  15:00    3.5  00:30   12.9    0.0    0.0    2.6   11.3  11:00    102
---------------------------------------------------------------------------------------
       6.4   14.9     22   -6.0     03  333.7    0.0   29.1    6.8   41.6     08    237
    
weather/noaa/noaa-2019-02.txt · Last modified: 2021/02/15 14:20 (external edit)