User Tools

Site Tools


weather:noaa:noaa-2019-01
                   MONTHLY CLIMATOLOGICAL SUMMARY for Jan 2019


NAME: Scottish Gliding Centre                  
ELEV: 358 feet    LAT: 56-11.34 N    LONG: 003-19.30 W


                   TEMPERATURE (C), RAIN (mm), WIND SPEED (knots)

                                         HEAT   COOL         AVG
      MEAN                               DEG    DEG          WIND                   DOM
DAY   TEMP   HIGH   TIME    LOW   TIME   DAYS   DAYS   RAIN  SPEED   HIGH   TIME    DIR
---------------------------------------------------------------------------------------
 01    4.5   11.8  00:30   -0.0  23:30   13.8    0.0    0.0    5.3   30.3  01:30    321
 02   -0.8    3.2  14:30   -3.4  05:30   19.2    0.0    0.0    1.9    5.2  21:00    320
 03    2.0    3.4  19:30    0.5  03:00   16.3    0.0    0.0    1.4    6.0  17:30    318
 04    4.3    6.7  13:00    1.5  20:00   14.0    0.0    0.0    4.0   15.2  14:00    282
 05    4.6    5.3  22:30    3.0  19:00   13.7    0.0    0.0    5.1   13.8  12:30    277
 06    6.9    8.6  15:00    5.0  03:00   11.4    0.0    0.6    3.5   17.9  00:00    314
 07    9.1   10.9  07:00    7.6  21:27    9.2    0.0    0.3   15.5   39.7  10:00    263
 08    5.8    7.8  01:27    2.7  23:00   12.5    0.0    0.0    7.9   21.8  01:27    305
 09    2.8    8.2  14:00   -0.1  09:30   15.5    0.0    0.0    3.6   16.5  00:30    324
 10    6.6    9.5  13:30    4.0  00:30   11.7    0.0    0.0    4.8   14.6  14:30    326
 11    7.1    8.7  13:00    5.1  08:30   11.3    0.0    0.0    5.4   24.5  23:30    265
 12    8.9   10.6  18:30    7.1  06:00    9.5    0.0    0.6   12.8   30.3  23:00    256
 13    8.3   10.5  05:30    3.7  22:30   10.0    0.0    0.0   15.8   37.7  05:00    278
 14    4.2    7.7  00:00    0.1  09:30   14.1    0.0    0.6    4.3   20.4  20:30    262
 15    8.7    9.4  08:00    7.8  00:30    9.6    0.0    0.0   16.2   36.9  00:00    241
 16    5.6    9.0  00:30    1.9  00:00   12.7    0.0    0.3   13.0   35.0  01:00    261
 17    1.6    4.5  14:30   -1.4  00:00   16.7    0.0    0.0    8.6   26.4  05:30    321
 18    0.5    3.6  13:00   -2.4  02:30   17.9    0.0    0.0    3.1   10.5  14:00     98
 19    2.0    3.3  16:30    0.7  06:00   16.3    0.0    0.3    1.0    6.0  20:30      7
 20    2.0    5.4  15:30   -1.6  23:30   16.3    0.0    0.0    4.0   13.8  18:00    297
 21    2.2    4.5  19:30   -1.8  05:00   16.2    0.0    0.0    5.6   19.2  17:30    216
 22    0.5    3.0  00:30   -2.4  00:00   17.8    0.0    0.3    4.7   12.6  04:00    303
 23   -1.0    1.3  14:30   -3.5  07:00   19.3    0.0    0.0    3.5    8.6  12:30    313
 24    1.0    5.9  14:00   -1.9  06:30   17.3    0.0    0.0    1.6    8.6  07:30    310
 25    7.3    9.9  12:00    2.6  00:30   11.0    0.0    0.3    7.8   24.5  13:00    268
 26    7.5    9.4  06:00    3.4  00:00   10.8    0.0    2.1   11.5   31.1  09:00    252
 27    3.8    5.2  12:30    2.1  00:00   14.6    0.0    0.0   19.0   41.6  07:00    327
 28    2.0    4.7  14:00   -0.2  09:00   16.4    0.0    0.0    6.1   15.2  11:00    275
 29    0.9    2.5  05:00   -1.9  00:00   17.4    0.0    0.9    4.2   15.2  03:30    271
 30   -0.3    3.2  14:30   -2.6  02:30   18.6    0.0    0.0    3.4   11.9  15:00    268
 31   -2.0    3.8  15:00   -6.4  07:00   20.4    0.0    0.3    1.7   11.9  23:00    298
---------------------------------------------------------------------------------------
       3.8   11.8     01   -6.4     31  451.6    0.0    6.6    6.7   41.6     27    282
    
weather/noaa/noaa-2019-01.txt · Last modified: 2021/02/15 14:20 (external edit)